{"id":84,"date":"2023-06-12T15:22:34","date_gmt":"2023-06-12T15:22:34","guid":{"rendered":"https:\/\/id.letras.up.pt\/ceaup\/?page_id=84"},"modified":"2023-10-12T15:31:28","modified_gmt":"2023-10-12T15:31:28","slug":"panels","status":"publish","type":"page","link":"https:\/\/id.letras.up.pt\/ceaup\/?page_id=84","title":{"rendered":"Program"},"content":{"rendered":"\t\t<div data-elementor-type=\"wp-page\" data-elementor-id=\"84\" class=\"elementor elementor-84\">\n\t\t\t\t\t\t\t\t\t<section class=\"elementor-section elementor-top-section elementor-element elementor-element-04eb7af elementor-section-boxed elementor-section-height-default elementor-section-height-default\" data-id=\"04eb7af\" data-element_type=\"section\">\n\t\t\t\t\t\t<div class=\"elementor-container elementor-column-gap-default\">\n\t\t\t\t\t<div class=\"elementor-column elementor-col-100 elementor-top-column elementor-element elementor-element-51080b6\" data-id=\"51080b6\" data-element_type=\"column\">\n\t\t\t<div class=\"elementor-widget-wrap elementor-element-populated\">\n\t\t\t\t\t\t\t\t<div class=\"elementor-element elementor-element-cb48dfc elementor-widget elementor-widget-image\" data-id=\"cb48dfc\" data-element_type=\"widget\" data-widget_type=\"image.default\">\n\t\t\t\t<div class=\"elementor-widget-container\">\n\t\t\t<style>\/*! elementor - v3.13.3 - 28-05-2023 *\/\n.elementor-widget-image{text-align:center}.elementor-widget-image a{display:inline-block}.elementor-widget-image a img[src$=\".svg\"]{width:48px}.elementor-widget-image img{vertical-align:middle;display:inline-block}<\/style>\t\t\t\t\t\t\t\t\t\t\t\t<img decoding=\"async\" width=\"930\" height=\"645\" src=\"https:\/\/id.letras.up.pt\/ceaup\/wp-content\/uploads\/2023\/06\/Frente_Polisario.png\" class=\"attachment-large size-large wp-image-430\" alt=\"\" loading=\"lazy\" srcset=\"https:\/\/id.letras.up.pt\/ceaup\/wp-content\/uploads\/2023\/06\/Frente_Polisario.png 930w, https:\/\/id.letras.up.pt\/ceaup\/wp-content\/uploads\/2023\/06\/Frente_Polisario-300x208.png 300w, https:\/\/id.letras.up.pt\/ceaup\/wp-content\/uploads\/2023\/06\/Frente_Polisario-768x533.png 768w\" sizes=\"(max-width: 930px) 100vw, 930px\" \/>\t\t\t\t\t\t\t\t\t\t\t\t\t\t\t<\/div>\n\t\t\t\t<\/div>\n\t\t\t\t\t<\/div>\n\t\t<\/div>\n\t\t\t\t\t\t\t<\/div>\n\t\t<\/section>\n\t\t\t\t<section class=\"elementor-section elementor-top-section elementor-element elementor-element-caef1f8 elementor-section-boxed elementor-section-height-default elementor-section-height-default\" data-id=\"caef1f8\" data-element_type=\"section\">\n\t\t\t\t\t\t<div class=\"elementor-container elementor-column-gap-default\">\n\t\t\t\t\t<div class=\"elementor-column elementor-col-20 elementor-top-column elementor-element elementor-element-b9fbd91\" data-id=\"b9fbd91\" data-element_type=\"column\">\n\t\t\t<div class=\"elementor-widget-wrap elementor-element-populated\">\n\t\t\t\t\t\t\t\t<div class=\"elementor-element elementor-element-5cfc0c5 elementor-widget elementor-widget-button\" data-id=\"5cfc0c5\" data-element_type=\"widget\" data-widget_type=\"button.default\">\n\t\t\t\t<div class=\"elementor-widget-container\">\n\t\t\t\t\t<div class=\"elementor-button-wrapper\">\n\t\t\t<a href=\"https:\/\/id.letras.up.pt\/ceaup\/?page_id=217\" class=\"elementor-button-link elementor-button elementor-size-sm\" role=\"button\">\n\t\t\t\t\t\t<span class=\"elementor-button-content-wrapper\">\n\t\t\t\t\t\t<span class=\"elementor-button-text\">Home<\/span>\n\t\t<\/span>\n\t\t\t\t\t<\/a>\n\t\t<\/div>\n\t\t\t\t<\/div>\n\t\t\t\t<\/div>\n\t\t\t\t\t<\/div>\n\t\t<\/div>\n\t\t\t\t<div class=\"elementor-column elementor-col-20 elementor-top-column elementor-element elementor-element-26b58d8\" data-id=\"26b58d8\" data-element_type=\"column\">\n\t\t\t<div class=\"elementor-widget-wrap elementor-element-populated\">\n\t\t\t\t\t\t\t\t<div class=\"elementor-element elementor-element-ffeb290 elementor-align-right elementor-widget elementor-widget-button\" data-id=\"ffeb290\" data-element_type=\"widget\" data-widget_type=\"button.default\">\n\t\t\t\t<div class=\"elementor-widget-container\">\n\t\t\t\t\t<div class=\"elementor-button-wrapper\">\n\t\t\t<a href=\"https:\/\/id.letras.up.pt\/ceaup\/?page_id=78\" class=\"elementor-button-link elementor-button elementor-size-sm\" role=\"button\">\n\t\t\t\t\t\t<span class=\"elementor-button-content-wrapper\">\n\t\t\t\t\t\t<span class=\"elementor-button-text\">Deadlines & Submissions<\/span>\n\t\t<\/span>\n\t\t\t\t\t<\/a>\n\t\t<\/div>\n\t\t\t\t<\/div>\n\t\t\t\t<\/div>\n\t\t\t\t\t<\/div>\n\t\t<\/div>\n\t\t\t\t<div class=\"elementor-column elementor-col-20 elementor-top-column elementor-element elementor-element-052955b\" data-id=\"052955b\" data-element_type=\"column\">\n\t\t\t<div class=\"elementor-widget-wrap elementor-element-populated\">\n\t\t\t\t\t\t\t\t<div class=\"elementor-element elementor-element-19c097c elementor-widget__width-initial elementor-widget elementor-widget-button\" data-id=\"19c097c\" data-element_type=\"widget\" data-widget_type=\"button.default\">\n\t\t\t\t<div class=\"elementor-widget-container\">\n\t\t\t\t\t<div class=\"elementor-button-wrapper\">\n\t\t\t<a href=\"https:\/\/id.letras.up.pt\/ceaup\/?page_id=88\" class=\"elementor-button-link elementor-button elementor-size-sm\" role=\"button\">\n\t\t\t\t\t\t<span class=\"elementor-button-content-wrapper\">\n\t\t\t\t\t\t<span class=\"elementor-button-text\">Committees<\/span>\n\t\t<\/span>\n\t\t\t\t\t<\/a>\n\t\t<\/div>\n\t\t\t\t<\/div>\n\t\t\t\t<\/div>\n\t\t\t\t\t<\/div>\n\t\t<\/div>\n\t\t\t\t<div class=\"elementor-column elementor-col-20 elementor-top-column elementor-element elementor-element-31eb965\" data-id=\"31eb965\" data-element_type=\"column\">\n\t\t\t<div class=\"elementor-widget-wrap elementor-element-populated\">\n\t\t\t\t\t\t\t\t<div class=\"elementor-element elementor-element-108aca7 elementor-widget__width-initial elementor-widget elementor-widget-button\" data-id=\"108aca7\" data-element_type=\"widget\" data-widget_type=\"button.default\">\n\t\t\t\t<div class=\"elementor-widget-container\">\n\t\t\t\t\t<div class=\"elementor-button-wrapper\">\n\t\t\t<a href=\"https:\/\/id.letras.up.pt\/ceaup\/?page_id=84\" class=\"elementor-button-link elementor-button elementor-size-sm\" role=\"button\">\n\t\t\t\t\t\t<span class=\"elementor-button-content-wrapper\">\n\t\t\t\t\t\t<span class=\"elementor-button-text\">Program<\/span>\n\t\t<\/span>\n\t\t\t\t\t<\/a>\n\t\t<\/div>\n\t\t\t\t<\/div>\n\t\t\t\t<\/div>\n\t\t\t\t\t<\/div>\n\t\t<\/div>\n\t\t\t\t<div class=\"elementor-column elementor-col-20 elementor-top-column elementor-element elementor-element-e08f378\" data-id=\"e08f378\" data-element_type=\"column\">\n\t\t\t<div class=\"elementor-widget-wrap elementor-element-populated\">\n\t\t\t\t\t\t\t\t<div class=\"elementor-element elementor-element-179df5c elementor-widget elementor-widget-button\" data-id=\"179df5c\" data-element_type=\"widget\" data-widget_type=\"button.default\">\n\t\t\t\t<div class=\"elementor-widget-container\">\n\t\t\t\t\t<div class=\"elementor-button-wrapper\">\n\t\t\t<a href=\"https:\/\/id.letras.up.pt\/ceaup\/?page_id=86\" class=\"elementor-button-link elementor-button elementor-size-sm\" role=\"button\">\n\t\t\t\t\t\t<span class=\"elementor-button-content-wrapper\">\n\t\t\t\t\t\t<span class=\"elementor-button-text\">Information about the event<\/span>\n\t\t<\/span>\n\t\t\t\t\t<\/a>\n\t\t<\/div>\n\t\t\t\t<\/div>\n\t\t\t\t<\/div>\n\t\t\t\t\t<\/div>\n\t\t<\/div>\n\t\t\t\t\t\t\t<\/div>\n\t\t<\/section>\n\t\t\t\t<section class=\"elementor-section elementor-top-section elementor-element elementor-element-23dbca9 elementor-section-boxed elementor-section-height-default elementor-section-height-default\" data-id=\"23dbca9\" data-element_type=\"section\">\n\t\t\t\t\t\t<div class=\"elementor-container elementor-column-gap-default\">\n\t\t\t\t\t<div class=\"elementor-column elementor-col-100 elementor-top-column elementor-element elementor-element-d481bdd\" data-id=\"d481bdd\" data-element_type=\"column\">\n\t\t\t<div class=\"elementor-widget-wrap elementor-element-populated\">\n\t\t\t\t\t\t\t\t<div class=\"elementor-element elementor-element-bda289a elementor-tabs-alignment-center elementor-tabs-view-horizontal elementor-widget elementor-widget-tabs\" data-id=\"bda289a\" data-element_type=\"widget\" data-widget_type=\"tabs.default\">\n\t\t\t\t<div class=\"elementor-widget-container\">\n\t\t\t<style>\/*! elementor - v3.13.3 - 28-05-2023 *\/\n.elementor-widget-tabs.elementor-tabs-view-vertical .elementor-tabs-wrapper{width:25%;flex-shrink:0}.elementor-widget-tabs.elementor-tabs-view-vertical .elementor-tab-desktop-title.elementor-active{border-right-style:none}.elementor-widget-tabs.elementor-tabs-view-vertical .elementor-tab-desktop-title.elementor-active:after,.elementor-widget-tabs.elementor-tabs-view-vertical .elementor-tab-desktop-title.elementor-active:before{height:999em;width:0;right:0;border-right-style:solid}.elementor-widget-tabs.elementor-tabs-view-vertical .elementor-tab-desktop-title.elementor-active:before{top:0;transform:translateY(-100%)}.elementor-widget-tabs.elementor-tabs-view-vertical .elementor-tab-desktop-title.elementor-active:after{top:100%}.elementor-widget-tabs.elementor-tabs-view-horizontal .elementor-tab-desktop-title{display:table-cell}.elementor-widget-tabs.elementor-tabs-view-horizontal .elementor-tab-desktop-title.elementor-active{border-bottom-style:none}.elementor-widget-tabs.elementor-tabs-view-horizontal .elementor-tab-desktop-title.elementor-active:after,.elementor-widget-tabs.elementor-tabs-view-horizontal .elementor-tab-desktop-title.elementor-active:before{bottom:0;height:0;width:999em;border-bottom-style:solid}.elementor-widget-tabs.elementor-tabs-view-horizontal .elementor-tab-desktop-title.elementor-active:before{right:100%}.elementor-widget-tabs.elementor-tabs-view-horizontal .elementor-tab-desktop-title.elementor-active:after{left:100%}.elementor-widget-tabs .elementor-tab-content,.elementor-widget-tabs .elementor-tab-title,.elementor-widget-tabs .elementor-tab-title:after,.elementor-widget-tabs .elementor-tab-title:before,.elementor-widget-tabs .elementor-tabs-content-wrapper{border:1px #d5d8dc}.elementor-widget-tabs .elementor-tabs{text-align:left}.elementor-widget-tabs .elementor-tabs-wrapper{overflow:hidden}.elementor-widget-tabs .elementor-tab-title{cursor:pointer;outline:var(--focus-outline,none)}.elementor-widget-tabs .elementor-tab-desktop-title{position:relative;padding:20px 25px;font-weight:700;line-height:1;border:solid transparent}.elementor-widget-tabs .elementor-tab-desktop-title.elementor-active{border-color:#d5d8dc}.elementor-widget-tabs .elementor-tab-desktop-title.elementor-active:after,.elementor-widget-tabs .elementor-tab-desktop-title.elementor-active:before{display:block;content:\"\";position:absolute}.elementor-widget-tabs .elementor-tab-desktop-title:focus-visible{border:1px solid #000}.elementor-widget-tabs .elementor-tab-mobile-title{padding:10px;cursor:pointer}.elementor-widget-tabs .elementor-tab-content{padding:20px;display:none}@media (max-width:767px){.elementor-tabs .elementor-tab-content,.elementor-tabs .elementor-tab-title{border-style:solid solid none}.elementor-tabs .elementor-tabs-wrapper{display:none}.elementor-tabs .elementor-tabs-content-wrapper{border-bottom-style:solid}.elementor-tabs .elementor-tab-content{padding:10px}}@media (min-width:768px){.elementor-widget-tabs.elementor-tabs-view-vertical .elementor-tabs{display:flex}.elementor-widget-tabs.elementor-tabs-view-vertical .elementor-tabs-wrapper{flex-direction:column}.elementor-widget-tabs.elementor-tabs-view-vertical .elementor-tabs-content-wrapper{flex-grow:1;border-style:solid solid solid none}.elementor-widget-tabs.elementor-tabs-view-horizontal .elementor-tab-content{border-style:none solid solid}.elementor-widget-tabs.elementor-tabs-alignment-center .elementor-tabs-wrapper,.elementor-widget-tabs.elementor-tabs-alignment-end .elementor-tabs-wrapper,.elementor-widget-tabs.elementor-tabs-alignment-stretch .elementor-tabs-wrapper{display:flex}.elementor-widget-tabs.elementor-tabs-alignment-center .elementor-tabs-wrapper{justify-content:center}.elementor-widget-tabs.elementor-tabs-alignment-end .elementor-tabs-wrapper{justify-content:flex-end}.elementor-widget-tabs.elementor-tabs-alignment-stretch.elementor-tabs-view-horizontal .elementor-tab-title{width:100%}.elementor-widget-tabs.elementor-tabs-alignment-stretch.elementor-tabs-view-vertical .elementor-tab-title{height:100%}.elementor-tabs .elementor-tab-mobile-title{display:none}}<\/style>\t\t<div class=\"elementor-tabs\">\n\t\t\t<div class=\"elementor-tabs-wrapper\" role=\"tablist\" >\n\t\t\t\t\t\t\t\t\t<div id=\"elementor-tab-title-1981\" class=\"elementor-tab-title elementor-tab-desktop-title\" aria-selected=\"true\" data-tab=\"1\" role=\"tab\" tabindex=\"0\" aria-controls=\"elementor-tab-content-1981\" aria-expanded=\"false\">Day 1<\/div>\n\t\t\t\t\t\t\t\t\t<div id=\"elementor-tab-title-1982\" class=\"elementor-tab-title elementor-tab-desktop-title\" aria-selected=\"false\" data-tab=\"2\" role=\"tab\" tabindex=\"-1\" aria-controls=\"elementor-tab-content-1982\" aria-expanded=\"false\">Day 2<\/div>\n\t\t\t\t\t\t\t<\/div>\n\t\t\t<div class=\"elementor-tabs-content-wrapper\" role=\"tablist\" aria-orientation=\"vertical\">\n\t\t\t\t\t\t\t\t\t<div class=\"elementor-tab-title elementor-tab-mobile-title\" aria-selected=\"true\" data-tab=\"1\" role=\"tab\" tabindex=\"0\" aria-controls=\"elementor-tab-content-1981\" aria-expanded=\"false\">Day 1<\/div>\n\t\t\t\t\t<div id=\"elementor-tab-content-1981\" class=\"elementor-tab-content elementor-clearfix\" data-tab=\"1\" role=\"tabpanel\" aria-labelledby=\"elementor-tab-title-1981\" tabindex=\"0\" hidden=\"false\"><p><strong>8th November 2023- Sala de Reuni\u00f5es 1<\/strong><\/p><p><strong>9h30 &#8211; Opening Session<\/strong><\/p><ul><li><strong>FLUP &#8211; Diretora da Faculdade de Letras da Universidade do Porto<\/strong><\/li><li><strong>Universidade de Tifariti &#8211; Jatari Andal la<\/strong><\/li><li><strong>CEAUP &#8211; Maciel Santos<\/strong><\/li><\/ul><p><strong>Panels:<\/strong><\/p><p><strong>Start of the 1st day of the conference<\/strong><\/p><p><strong>Painel 1- The Sahara at the time of African decolonization<br \/><\/strong><\/p><p><strong>10h00 &#8211; Part 1<\/strong><strong><br \/><\/strong><\/p><ul><li><strong>Moderador: Mourad Aty (CEAUP)<\/strong><\/li><\/ul><p>&#8211; El movimiento nacionalista saharaui desde los a\u00f1os sesenta. De la<br \/>Organizaci\u00f3n de Vanguardia para la Liberaci\u00f3n del Sahara (OVLS), al<br \/>Frente Popular para la Liberaci\u00f3n de Saguia el Hamra y rio de Oro (Frente<br \/>Polisario)<\/p><ul><li><strong>Emboirik Ahmed Omar (Adviser &#8211; Ministery of Foreign Affairs of the SADR)<\/strong><\/li><\/ul><p>-Phosphate Mining and anti-colonialism \u2013 labour and political action at<br \/>ENMINSA (1973-74)<\/p><ul><li><strong>Maciel Santos (CEAUP)<\/strong><\/li><\/ul><p>-The Importance of the Saharawi Diaspora and its evolution since the 1960&#8217;s<\/p><ul><li><strong>Isabel Louren\u00e7o (CEAUP)<\/strong><\/li><\/ul><p><strong>10h45 &#8211; Debate<\/strong><br \/><strong>11h15 &#8211; Coffee Break<br \/><\/strong><\/p><p><strong>11h30-Part 2<br \/><\/strong><\/p><ul><li><strong>Moderator: Maciel Santos (CEAUP)<\/strong><\/li><\/ul><p>-La visita de Naciones Unidas al Sahara Occidental en mayo de 1975.<br \/>Detonante del abandono espa\u00f1ol y de la ocupaci\u00f3n marroqu\u00ed.<\/p><ul><li><strong>Isa\u00edas Barre\u00f1ada Bajo (Centro de Procedencia: Universidad Complutense de <\/strong><strong>Madrid, Departamento de Relaciones Internacionales e Historia global)<\/strong><\/li><\/ul><p>-&#8220;We have all the legitimacy of the world\u201d: The Frente Polisario and the<br \/>politics of legitimation in the Western Sahara conflict<\/p><ul><li><strong>Stephan Hensell (Universit\u00e4t Bremen, Institute for Intercultural and International <\/strong><strong>Studies)<\/strong><\/li><\/ul><p>-Rights to Self-determination as Mechanism of Decolonization: Eritrea,<br \/>Namibia and Western Sahara<\/p><ul><li><strong>Redie Bereketeab (The Nordic Africa Institute)<\/strong><\/li><\/ul><p><strong>12h15 &#8211; Debate<\/strong><br \/><strong>12h45 &#8211; Lunch<br \/><\/strong><\/p><p><strong>Painel 2-La Primera Guerra (1975-1991)<\/strong><\/p><p><strong>14h30-<\/strong><strong>Part 1<\/strong><\/p><ul><li><strong>Moderator: Emboriki Ahmadi (Adviser &#8211; Ministery of Foreign Affairs of the SADR)<\/strong><\/li><\/ul><p>-L\u2019intervention militaire Fran\u00e7aise dans la guerre du Sahara occidental<br \/>Op\u00e9ration \u00ab Lamantin \u00bb<\/p><ul><li><strong>Didi Ahmed (Ing.Sidemhamed AHMED, Union des Ing\u00e9nieurs Sahraouis)<\/strong><\/li><\/ul><p>-Why Algeria is Still Supportive of the Western Sahara Cause? A<br \/>Permanent Stance amidst a Changing World<\/p><ul><li><strong>Mourad Aty (Guelma University \u2013 Algeria\/ CEAUP)<\/strong><\/li><\/ul><p>-The question of Western Sahara in various editions of the Algerian Army<br \/>Magazine &#8220;Aljaich&#8221;(1975-1991)<\/p><ul><li><strong>Mebarek Oulad Naimi, Abdeljalil Mellakh (University of Ghardaia, Algeria)<\/strong><\/li><\/ul><p><strong>15h15-Debate<\/strong><\/p><p><strong>15h45- <\/strong><strong>Part 2<\/strong><\/p><ul><li><strong>Moderator: Juan Carlos Gimeno (Aut\u00f3noma de Madrid)<\/strong><\/li><\/ul><p>-The OAU\/AU Position on Western Sahara: A Review of the Pan African<br \/>Organization&#8217;s Stance from Inception to Present<\/p><ul><li><strong>Malainin Mohamed (Saharawi Embassy in Ethiopia)<\/strong><\/li><\/ul><p>-CULTURICIDIO. La destrucci\u00f3n del archivo y obra del erudito saharaui<br \/>Sidati Uld Salami<\/p><ul><li><strong>Bahia MH Awah (Universidad Aut\u00f3noma de Madrid)<\/strong><\/li><\/ul><p><strong>16h15 &#8211; Debate<\/strong><br \/><strong>16h45 &#8211; Coffee Break<br \/><\/strong><\/p><ul><li><strong>17h00-Part 3<\/strong><\/li><li><strong>Moderator: Luz Marina Mateo (Universidad de La plata)<\/strong><\/li><\/ul><p>-Retos y desaf\u00edos de la relaci\u00f3n bilateral M\u00e9xico-Rep\u00fablica \u00c1rabe Saharaui<br \/>Democr\u00e1tica<\/p><ul><li><strong>Mtra. Arcelia Flores Castro (Facultad de Estudios Superior, Arag\u00f3n de la<\/strong><br \/><strong>UNAM)<\/strong><\/li><\/ul><p>-Decolonization of Western Sahara: The role of Nigeria<\/p><ul><li><strong>Joel Kemie (Universidade do Minho)<\/strong><\/li><\/ul><p><strong>17h30-Debate<\/strong><\/p><p><strong>18h00-End of the 1st day of the conference<\/strong><\/p><\/div>\n\t\t\t\t\t\t\t\t\t<div class=\"elementor-tab-title elementor-tab-mobile-title\" aria-selected=\"false\" data-tab=\"2\" role=\"tab\" tabindex=\"-1\" aria-controls=\"elementor-tab-content-1982\" aria-expanded=\"false\">Day 2<\/div>\n\t\t\t\t\t<div id=\"elementor-tab-content-1982\" class=\"elementor-tab-content elementor-clearfix\" data-tab=\"2\" role=\"tabpanel\" aria-labelledby=\"elementor-tab-title-1982\" tabindex=\"0\" hidden=\"hidden\"><p><strong>9th November 2023 \u2013 Sala de Reuni\u00f5es 1<\/strong><\/p><p><strong>Start of the 2nd day of the conference<\/strong><\/p><p><strong>Panels:<\/strong><\/p><p><strong>Painel 3 &#8211; The years of waiting (1991-2020)<br \/><\/strong><\/p><p><strong>09h30-Part 1<\/strong><\/p><ul><li><strong>Moderador: Hassan O. Kaya (Universidad de KwaZulu-Natal)<\/strong><\/li><\/ul><p>&#8211; Spaces of Aid and the Communities of Solidarity: Sahrawi People on their Path to Self-Determination<\/p><ul><li><strong>Jelena Vi\u0107enti\u0107 (independent researcher, Serbia) and Omeima Abdeslam <\/strong><strong>(Sahrawi Human Rights Advocate)<\/strong><\/li><\/ul><p>&#8211; The environmental impacts of plundering of the natural resources in Western Sahara<\/p><ul><li><strong>Ghali Zber (Center for Studies and Documentation)<\/strong><\/li><\/ul><p>&#8211; Decolonization &amp; Human Rights Violation<\/p><ul><li><strong>Khadja Mohamed Badati (Martin-Luther-Universit\u00e4t)<\/strong><\/li><\/ul><p><strong>10h15 &#8211; Debate<\/strong><\/p><p><strong>10h45 &#8211; Part 2<\/strong><\/p><ul><li><strong>Moderador: Bahia MH Awah (Aut\u00f3noma de Madrid)<\/strong><\/li><\/ul><p>&#8211; Education in the context of oppression and exile \u2013 The case of Western Sahara<\/p><ul><li><strong>Helena Furtado (CEAUP)<\/strong><\/li><\/ul><p>&#8211; Estrategias psicoeducativas para mejorar el bienestar psicol\u00f3gico de la infancia en Smara<\/p><ul><li><strong>Maria Jose Lera Rodriguez (Universidad de Sevilla)<\/strong><\/li><\/ul><p>&#8211; Home in a Non-Place?<\/p><ul><li><strong>Elena Wiese (Universitat Bayreuth)<\/strong><\/li><\/ul><p><strong>11h30 &#8211; Debate<\/strong><br \/><strong>12h00 &#8211; Lunch<\/strong><\/p><p><strong>Painel 4 &#8211; The Second War (2020-&#8230;)<br \/><\/strong><\/p><p><strong>14h00 &#8211; Part 1<\/strong><\/p><ul><li><strong>Moderadora: Isabel Louren\u00e7o (CEAUP)<\/strong><\/li><\/ul><p>&#8211; War in Western Sahara: A Case Study of UN Failure<\/p><ul><li><strong>Bouela Lehbib<\/strong><\/li><\/ul><p>&#8211; Western Sahara War Archives, between the archives and GIS: how to map a war remotely<\/p><ul><li><strong>Jorge Teixeira (CEAUP)<\/strong><\/li><\/ul><p>&#8211; What will be, will be: Necropolitics and the (un)changing scenario in Westrn Sahara<\/p><ul><li><strong>Rui Novais (CEFH -Universidade Cat\u00f3lica Portuguesa)<\/strong><\/li><\/ul><p><strong>14h45 &#8211; Debate<\/strong><\/p><p><strong>15h15 &#8211; Part 2<\/strong><\/p><ul><li><strong>Moderador: Jatari Andal-la (Universidad Tifariti)<\/strong><\/li><\/ul><p>&#8211; Colonialismo hist\u00f3rico insidioso. A prop\u00f3sito de la descolonizaci\u00f3n<br \/>inconclusa del Sahara Occidental.<\/p><ul><li><strong>Juan Carlos Gimeno Mart\u00edn (Departamento de Antropolog\u00eda Social y <\/strong><strong>Pensamiento Filos\u00f3fico Espa\u00f1ol, Facultad de Filosof\u00eda y Letras, Universidad <\/strong><strong>Aut\u00f3noma de Madrid)<\/strong><\/li><\/ul><p>&#8211; Poetry and Public Diplomacy: The Case of Western Sahara<\/p><ul><li><strong>Joana Allan (Northumbria University) e Moiti Mohammed<\/strong><\/li><\/ul><p>&#8211; Unfinished Decolonisation of People of First Nation: Ontological Security Study of Western Sahara<\/p><ul><li>\u00a0<strong>Deepak Kumar Bhaskar (Department of Political Science Nagaland Central <\/strong><strong>University, India)<\/strong><\/li><\/ul><p><strong>16h00 &#8211; Debate<\/strong><\/p><p><strong>16h30-Balance of the Conference. Information about publishing and future projects<\/strong><\/p><ul><li>The Organizing Board<\/li><\/ul><p><strong>16h45 &#8211; Coffee Break<br \/><\/strong><\/p><p><strong>17h00 &#8211; Presentation of the book: <em>Learning About Western Sahara As a Motswana <\/em>de Cynthia Thanda (PanAfrikanist Online Publication)<\/strong><\/p><p><strong>17h15 &#8211; resentation of the documentary film: NO JUSTICE, JUST US de Erik Valen\u010di\u010d<\/strong><\/p><p><strong>18h15 &#8211; Closure of the Conference<br \/><\/strong><\/p><\/div>\n\t\t\t\t\t\t\t<\/div>\n\t\t<\/div>\n\t\t\t\t<\/div>\n\t\t\t\t<\/div>\n\t\t\t\t\t<\/div>\n\t\t<\/div>\n\t\t\t\t\t\t\t<\/div>\n\t\t<\/section>\n\t\t\t\t<section class=\"elementor-section elementor-top-section elementor-element elementor-element-8f61a45 elementor-section-boxed elementor-section-height-default elementor-section-height-default\" data-id=\"8f61a45\" data-element_type=\"section\">\n\t\t\t\t\t\t<div class=\"elementor-container elementor-column-gap-default\">\n\t\t\t\t\t<div class=\"elementor-column elementor-col-100 elementor-top-column elementor-element elementor-element-bc32fee\" data-id=\"bc32fee\" data-element_type=\"column\">\n\t\t\t<div class=\"elementor-widget-wrap elementor-element-populated\">\n\t\t\t\t\t\t\t\t<div class=\"elementor-element elementor-element-3429d2a elementor-widget elementor-widget-spacer\" data-id=\"3429d2a\" data-element_type=\"widget\" data-widget_type=\"spacer.default\">\n\t\t\t\t<div class=\"elementor-widget-container\">\n\t\t\t<style>\/*! elementor - v3.13.3 - 28-05-2023 *\/\n.elementor-column .elementor-spacer-inner{height:var(--spacer-size)}.e-con{--container-widget-width:100%}.e-con-inner>.elementor-widget-spacer,.e-con>.elementor-widget-spacer{width:var(--container-widget-width,var(--spacer-size));--align-self:var(--container-widget-align-self,initial);--flex-shrink:0}.e-con-inner>.elementor-widget-spacer>.elementor-widget-container,.e-con-inner>.elementor-widget-spacer>.elementor-widget-container>.elementor-spacer,.e-con>.elementor-widget-spacer>.elementor-widget-container,.e-con>.elementor-widget-spacer>.elementor-widget-container>.elementor-spacer{height:100%}.e-con-inner>.elementor-widget-spacer>.elementor-widget-container>.elementor-spacer>.elementor-spacer-inner,.e-con>.elementor-widget-spacer>.elementor-widget-container>.elementor-spacer>.elementor-spacer-inner{height:var(--container-widget-height,var(--spacer-size))}<\/style>\t\t<div class=\"elementor-spacer\">\n\t\t\t<div class=\"elementor-spacer-inner\"><\/div>\n\t\t<\/div>\n\t\t\t\t<\/div>\n\t\t\t\t<\/div>\n\t\t\t\t\t<\/div>\n\t\t<\/div>\n\t\t\t\t\t\t\t<\/div>\n\t\t<\/section>\n\t\t\t\t\t\t\t<\/div>\n\t\t","protected":false},"excerpt":{"rendered":"<p>Home Deadlines &amp; Submissions Committees Program Information about the event Day 1 Day 2 Day 1 8th November 2023- Sala de Reuni\u00f5es 1 9h30 \u2013 Opening Session FLUP \u2013 Diretora da Faculdade de Letras da Universidade do Porto Universidade de Tifariti \u2013 Jatari Andal la CEAUP \u2013 Maciel Santos Panels: Start of the 1st day [&hellip;]<\/p>\n","protected":false},"author":1,"featured_media":0,"parent":0,"menu_order":2,"comment_status":"closed","ping_status":"closed","template":"","meta":[],"_links":{"self":[{"href":"https:\/\/id.letras.up.pt\/ceaup\/index.php?rest_route=\/wp\/v2\/pages\/84"}],"collection":[{"href":"https:\/\/id.letras.up.pt\/ceaup\/index.php?rest_route=\/wp\/v2\/pages"}],"about":[{"href":"https:\/\/id.letras.up.pt\/ceaup\/index.php?rest_route=\/wp\/v2\/types\/page"}],"author":[{"embeddable":true,"href":"https:\/\/id.letras.up.pt\/ceaup\/index.php?rest_route=\/wp\/v2\/users\/1"}],"replies":[{"embeddable":true,"href":"https:\/\/id.letras.up.pt\/ceaup\/index.php?rest_route=%2Fwp%2Fv2%2Fcomments&post=84"}],"version-history":[{"count":34,"href":"https:\/\/id.letras.up.pt\/ceaup\/index.php?rest_route=\/wp\/v2\/pages\/84\/revisions"}],"predecessor-version":[{"id":537,"href":"https:\/\/id.letras.up.pt\/ceaup\/index.php?rest_route=\/wp\/v2\/pages\/84\/revisions\/537"}],"wp:attachment":[{"href":"https:\/\/id.letras.up.pt\/ceaup\/index.php?rest_route=%2Fwp%2Fv2%2Fmedia&parent=84"}],"curies":[{"name":"wp","href":"https:\/\/api.w.org\/{rel}","templated":true}]}}