








{"id":31,"date":"2021-08-01T18:51:48","date_gmt":"2021-08-01T18:51:48","guid":{"rendered":"http:\/\/localhost:8888\/CLUP\/?page_id=31"},"modified":"2026-04-02T11:56:59","modified_gmt":"2026-04-02T11:56:59","slug":"linguistica","status":"publish","type":"page","link":"https:\/\/id.letras.up.pt\/clup\/?page_id=31","title":{"rendered":"Lingu\u00edstica"},"content":{"rendered":"\n<p>Revista de Estudos Lingu\u00edsticos da Universidade do Porto <\/p>\n\n\n\n<p>A revista&nbsp;<em>Lingu\u00edstica<\/em>, com mais de 10 anos de exist\u00eancia e publica\u00e7\u00e3o regular, tem dado a conhecer trabalhos de investiga\u00e7\u00e3o originais de linguistas portugueses e estrangeiros.<\/p>\n\n\n\n<p>Trata-se de uma revista anual, aberta a todos os campos, subdisciplinas e orienta\u00e7\u00f5es te\u00f3ricas dentro do estudo dos fen\u00f3menos lingu\u00edsticos e que publica trabalhos em diversas l\u00ednguas. Cada volume \u00e9 editado em vers\u00e3o impressa e em vers\u00e3o eletr\u00f3nica inteiramente livre. A composi\u00e7\u00e3o da sua Comiss\u00e3o Cient\u00edfica Internacional e a lista de colaboradores internacionais d\u00e3o a esta revista um car\u00e1ter aberto, multidisciplinar e internacional que \u00e9 amplamente reconhecido pela comunidade lingu\u00edstica. Alguns dos n\u00fameros da revista t\u00eam um tema espec\u00edfico ou publicam trabalhos apresentados em congressos ou col\u00f3quios organizados pelo pr\u00f3prio CLUP, mas estes casos constituem a exce\u00e7\u00e3o, dado que o perfil desta revista \u00e9 assumidamente generalista, plural e aberto.<\/p>\n\n\n\n<p>A revista conta com um sistema de revis\u00e3o por pares e est\u00e1 indexada em algumas bases de dados internacionais, constituindo um dos principais resultados anuais do esfor\u00e7o do CLUP enquanto dinamizador da investiga\u00e7\u00e3o cient\u00edfica na sua \u00e1rea espec\u00edfica.<\/p>\n\n\n\n<div class=\"wp-block-media-text alignwide is-stacked-on-mobile\"><figure class=\"wp-block-media-text__media\"><a href=\"https:\/\/ojs.letras.up.pt\/index.php\/EL\/issue\/view\/930\"><img loading=\"lazy\" decoding=\"async\" width=\"699\" height=\"1024\" src=\"https:\/\/id.letras.up.pt\/clup\/wp-content\/uploads\/2025\/02\/Captura-de-ecra-2025-02-11-as-15.02.08-1-699x1024.png\" alt=\"\" class=\"wp-image-6178 size-full\" srcset=\"https:\/\/id.letras.up.pt\/clup\/wp-content\/uploads\/2025\/02\/Captura-de-ecra-2025-02-11-as-15.02.08-1-699x1024.png 699w, https:\/\/id.letras.up.pt\/clup\/wp-content\/uploads\/2025\/02\/Captura-de-ecra-2025-02-11-as-15.02.08-1-205x300.png 205w, https:\/\/id.letras.up.pt\/clup\/wp-content\/uploads\/2025\/02\/Captura-de-ecra-2025-02-11-as-15.02.08-1-768x1124.png 768w, https:\/\/id.letras.up.pt\/clup\/wp-content\/uploads\/2025\/02\/Captura-de-ecra-2025-02-11-as-15.02.08-1.png 860w\" sizes=\"auto, (max-width: 699px) 100vw, 699px\" \/><\/a><\/figure><div class=\"wp-block-media-text__content\">\n<h3 class=\"wp-block-heading\"><a href=\"https:\/\/ojs.letras.up.pt\/index.php\/EL\/issue\/view\/930\">Volume XIX<\/a><\/h3>\n\n\n\n<h3 class=\"wp-block-heading\">2024<\/h3>\n\n\n\n<p><\/p>\n<\/div><\/div>\n\n\n\n<div class=\"wp-block-media-text alignwide is-stacked-on-mobile\"><figure class=\"wp-block-media-text__media\"><a href=\"https:\/\/ojs.letras.up.pt\/index.php\/EL\/issue\/view\/890\"><img loading=\"lazy\" decoding=\"async\" width=\"667\" height=\"1024\" src=\"https:\/\/id.letras.up.pt\/clup\/wp-content\/uploads\/2024\/04\/20240411090010795_0001-2-667x1024.jpg\" alt=\"\" class=\"wp-image-5276 size-full\" srcset=\"https:\/\/id.letras.up.pt\/clup\/wp-content\/uploads\/2024\/04\/20240411090010795_0001-2-667x1024.jpg 667w, https:\/\/id.letras.up.pt\/clup\/wp-content\/uploads\/2024\/04\/20240411090010795_0001-2-196x300.jpg 196w, https:\/\/id.letras.up.pt\/clup\/wp-content\/uploads\/2024\/04\/20240411090010795_0001-2-768x1178.jpg 768w, https:\/\/id.letras.up.pt\/clup\/wp-content\/uploads\/2024\/04\/20240411090010795_0001-2-1001x1536.jpg 1001w, https:\/\/id.letras.up.pt\/clup\/wp-content\/uploads\/2024\/04\/20240411090010795_0001-2-1335x2048.jpg 1335w, https:\/\/id.letras.up.pt\/clup\/wp-content\/uploads\/2024\/04\/20240411090010795_0001-2-scaled.jpg 1669w\" sizes=\"auto, (max-width: 667px) 100vw, 667px\" \/><\/a><\/figure><div class=\"wp-block-media-text__content\">\n<h3 class=\"wp-block-heading\"><a href=\"https:\/\/ojs.letras.up.pt\/index.php\/EL\/issue\/view\/890\" data-type=\"URL\" data-id=\"https:\/\/ojs.letras.up.pt\/index.php\/EL\/issue\/view\/831\" target=\"_blank\" rel=\"noreferrer noopener\">Volume XVIII<\/a><\/h3>\n\n\n\n<h3 class=\"wp-block-heading\">2023<\/h3>\n\n\n\n<p><\/p>\n<\/div><\/div>\n\n\n\n<div class=\"wp-block-media-text alignwide is-stacked-on-mobile\"><figure class=\"wp-block-media-text__media\"><a href=\"https:\/\/ojs.letras.up.pt\/index.php\/EL\/issue\/view\/831\"><img decoding=\"async\" src=\"\/clup\/wp-content\/uploads\/2023\/08\/vol1-1.png\" alt=\"\" class=\"wp-image-3920 size-full\"\/><\/a><\/figure><div class=\"wp-block-media-text__content\">\n<h3 class=\"wp-block-heading\"><a href=\"https:\/\/ojs.letras.up.pt\/index.php\/EL\/issue\/view\/831\" data-type=\"URL\" data-id=\"https:\/\/ojs.letras.up.pt\/index.php\/EL\/issue\/view\/831\" target=\"_blank\" rel=\"noreferrer noopener\">N\u00ba Especial<\/a><\/h3>\n\n\n\n<h3 class=\"wp-block-heading\">2022 &#8211; Vol. 2<\/h3>\n\n\n\n<p><\/p>\n<\/div><\/div>\n\n\n\n<div class=\"wp-block-media-text alignwide is-stacked-on-mobile\"><figure class=\"wp-block-media-text__media\"><a href=\"https:\/\/ojs.letras.up.pt\/index.php\/EL\/issue\/view\/830\"><img decoding=\"async\" src=\"\/clup\/wp-content\/uploads\/2023\/08\/vol1.png\" alt=\"\" class=\"wp-image-3919 size-full\"\/><\/a><\/figure><div class=\"wp-block-media-text__content\">\n<h3 class=\"wp-block-heading\"><a href=\"https:\/\/ojs.letras.up.pt\/index.php\/EL\/issue\/view\/830\" data-type=\"URL\" data-id=\"https:\/\/ojs.letras.up.pt\/index.php\/EL\/issue\/view\/830\" target=\"_blank\" rel=\"noreferrer noopener\">N\u00ba Especial<\/a><\/h3>\n\n\n\n<h3 class=\"wp-block-heading\">2022 &#8211; Vol. 1<\/h3>\n\n\n\n<p><\/p>\n<\/div><\/div>\n\n\n\n<div class=\"wp-block-media-text alignwide is-stacked-on-mobile\"><figure class=\"wp-block-media-text__media\"><a href=\"https:\/\/ojs.letras.up.pt\/index.php\/EL\/issue\/view\/829\"><img decoding=\"async\" src=\"\/clup\/wp-content\/uploads\/2023\/08\/vol17.png\" alt=\"\" class=\"wp-image-3918 size-full\"\/><\/a><\/figure><div class=\"wp-block-media-text__content\">\n<h3 class=\"wp-block-heading\"><a href=\"https:\/\/ojs.letras.up.pt\/index.php\/EL\/issue\/view\/829\" data-type=\"URL\" data-id=\"https:\/\/ojs.letras.up.pt\/index.php\/EL\/issue\/view\/829\" target=\"_blank\" rel=\"noreferrer noopener\">Volume XVII<\/a><\/h3>\n\n\n\n<h3 class=\"wp-block-heading\">2022<\/h3>\n\n\n\n<p><\/p>\n<\/div><\/div>\n\n\n\n<div class=\"wp-block-media-text alignwide is-stacked-on-mobile\"><figure class=\"wp-block-media-text__media\"><img decoding=\"async\" src=\"\/clup\/wp-content\/uploads\/2022\/02\/Untitled-2.png\" alt=\"\" class=\"wp-image-3239 size-full\"\/><\/figure><div class=\"wp-block-media-text__content\">\n<h3 class=\"wp-block-heading\"><a href=\"https:\/\/ojs.letras.up.pt\/index.php\/EL\/issue\/view\/727\" data-type=\"URL\" data-id=\"https:\/\/ojs.letras.up.pt\/index.php\/EL\/issue\/view\/727\">N\u00ba Especial<\/a><\/h3>\n\n\n\n<h3 class=\"wp-block-heading\">2021<\/h3>\n\n\n\n<p><\/p>\n<\/div><\/div>\n\n\n\n<div class=\"wp-block-media-text alignwide is-stacked-on-mobile\"><figure class=\"wp-block-media-text__media\"><img decoding=\"async\" src=\"\/clup\/wp-content\/uploads\/2022\/02\/Untitled-1.png\" alt=\"\" class=\"wp-image-3235 size-full\"\/><\/figure><div class=\"wp-block-media-text__content\">\n<h3 class=\"wp-block-heading\"><a href=\"https:\/\/ojs.letras.up.pt\/index.php\/EL\/issue\/view\/725\" data-type=\"URL\" target=\"_blank\" rel=\"noreferrer noopener\">Volume XVI<\/a><\/h3>\n\n\n\n<h3 class=\"wp-block-heading\">2021<\/h3>\n\n\n\n<p><\/p>\n<\/div><\/div>\n\n\n\n<div class=\"wp-block-media-text alignwide is-stacked-on-mobile\"><figure class=\"wp-block-media-text__media\"><img decoding=\"async\" src=\"\/clup\/wp-content\/uploads\/2021\/10\/linguistica_2020-no-especial-686x1024.png\" alt=\"\" class=\"wp-image-2801 size-full\"\/><\/figure><div class=\"wp-block-media-text__content\">\n<h3 class=\"wp-block-heading\"><a rel=\"noreferrer noopener\" href=\"https:\/\/ojs.letras.up.pt\/index.php\/EL\/issue\/view\/668\" data-type=\"URL\" data-id=\"https:\/\/ojs.letras.up.pt\/index.php\/EL\/issue\/view\/668\" target=\"_blank\">N\u00ba Especial<\/a><\/h3>\n\n\n\n<h3 class=\"wp-block-heading\">2020<\/h3>\n<\/div><\/div>\n\n\n\n<div class=\"wp-block-media-text alignwide is-stacked-on-mobile\"><figure class=\"wp-block-media-text__media\"><img decoding=\"async\" src=\"\/clup\/wp-content\/uploads\/2021\/10\/linguistica_2020-690x1024.png\" alt=\"\" class=\"wp-image-2802 size-full\"\/><\/figure><div class=\"wp-block-media-text__content\">\n<h3 class=\"wp-block-heading\"><a rel=\"noreferrer noopener\" href=\"https:\/\/ojs.letras.up.pt\/index.php\/EL\/issue\/view\/668\" data-type=\"URL\" data-id=\"https:\/\/ojs.letras.up.pt\/index.php\/EL\/issue\/view\/668\" target=\"_blank\">Volume \u2169\u2164<\/a><\/h3>\n\n\n\n<h3 class=\"wp-block-heading\">2020<\/h3>\n<\/div><\/div>\n\n\n\n<div class=\"wp-block-media-text alignwide is-stacked-on-mobile\"><figure class=\"wp-block-media-text__media\"><img decoding=\"async\" src=\"\/clup\/wp-content\/uploads\/2021\/10\/linguistica_2019-690x1024.png\" alt=\"\" class=\"wp-image-2805 size-full\"\/><\/figure><div class=\"wp-block-media-text__content\">\n<h3 class=\"wp-block-heading\"><a rel=\"noreferrer noopener\" href=\"https:\/\/ojs.letras.up.pt\/index.php\/EL\/issue\/view\/668\" data-type=\"URL\" data-id=\"https:\/\/ojs.letras.up.pt\/index.php\/EL\/issue\/view\/668\" target=\"_blank\">Volume \u2169\u2163<\/a><\/h3>\n\n\n\n<h3 class=\"wp-block-heading\">2019<\/h3>\n<\/div><\/div>\n\n\n\n<div class=\"wp-block-media-text alignwide is-stacked-on-mobile\"><figure class=\"wp-block-media-text__media\"><img decoding=\"async\" src=\"\/clup\/wp-content\/uploads\/2021\/10\/linguistica_2018-690x1024.png\" alt=\"\" class=\"wp-image-2803 size-full\"\/><\/figure><div class=\"wp-block-media-text__content\">\n<h3 class=\"wp-block-heading\"><a rel=\"noreferrer noopener\" href=\"https:\/\/ojs.letras.up.pt\/index.php\/EL\/issue\/view\/668\" data-type=\"URL\" data-id=\"https:\/\/ojs.letras.up.pt\/index.php\/EL\/issue\/view\/668\" target=\"_blank\">Volume \u2169\u2162<\/a><\/h3>\n\n\n\n<h3 class=\"wp-block-heading\">2018<\/h3>\n<\/div><\/div>\n\n\n\n<div class=\"wp-block-media-text alignwide is-stacked-on-mobile\"><figure class=\"wp-block-media-text__media\"><img decoding=\"async\" src=\"\/clup\/wp-content\/uploads\/2021\/10\/linguistica_2017-691x1024.png\" alt=\"\" class=\"wp-image-2817 size-full\"\/><\/figure><div class=\"wp-block-media-text__content\">\n<h3 class=\"wp-block-heading\"><a rel=\"noreferrer noopener\" href=\"https:\/\/ojs.letras.up.pt\/index.php\/EL\/issue\/view\/668\" data-type=\"URL\" data-id=\"https:\/\/ojs.letras.up.pt\/index.php\/EL\/issue\/view\/668\" target=\"_blank\">Volume \u2169\u2161<\/a><\/h3>\n\n\n\n<h3 class=\"wp-block-heading\">2017<\/h3>\n<\/div><\/div>\n\n\n\n<div class=\"wp-block-media-text alignwide is-stacked-on-mobile\"><figure class=\"wp-block-media-text__media\"><img decoding=\"async\" src=\"\/clup\/wp-content\/uploads\/2021\/10\/linguistica_2016-690x1024.png\" alt=\"\" class=\"wp-image-2816 size-full\"\/><\/figure><div class=\"wp-block-media-text__content\">\n<h3 class=\"wp-block-heading\"><a rel=\"noreferrer noopener\" href=\"https:\/\/ojs.letras.up.pt\/index.php\/EL\/issue\/view\/668\" data-type=\"URL\" data-id=\"https:\/\/ojs.letras.up.pt\/index.php\/EL\/issue\/view\/668\" target=\"_blank\">Volume \u2169\u2160<\/a><\/h3>\n\n\n\n<h3 class=\"wp-block-heading\">2016<\/h3>\n<\/div><\/div>\n\n\n\n<div class=\"wp-block-media-text alignwide is-stacked-on-mobile\"><figure class=\"wp-block-media-text__media\"><img decoding=\"async\" src=\"\/clup\/wp-content\/uploads\/2021\/10\/linguistica_2015-690x1024.png\" alt=\"\" class=\"wp-image-2815 size-full\"\/><\/figure><div class=\"wp-block-media-text__content\">\n<h3 class=\"wp-block-heading\"><a rel=\"noreferrer noopener\" href=\"https:\/\/ojs.letras.up.pt\/index.php\/EL\/issue\/view\/668\" data-type=\"URL\" data-id=\"https:\/\/ojs.letras.up.pt\/index.php\/EL\/issue\/view\/668\" target=\"_blank\">Volume \u2169<\/a><\/h3>\n\n\n\n<h3 class=\"wp-block-heading\">2015<\/h3>\n<\/div><\/div>\n\n\n\n<div class=\"wp-block-media-text alignwide is-stacked-on-mobile\"><figure class=\"wp-block-media-text__media\"><img decoding=\"async\" src=\"\/clup\/wp-content\/uploads\/2021\/10\/linguistica_2014-690x1024.png\" alt=\"\" class=\"wp-image-2814 size-full\"\/><\/figure><div class=\"wp-block-media-text__content\">\n<h3 class=\"wp-block-heading\"><a rel=\"noreferrer noopener\" href=\"https:\/\/ojs.letras.up.pt\/index.php\/EL\/issue\/view\/668\" data-type=\"URL\" data-id=\"https:\/\/ojs.letras.up.pt\/index.php\/EL\/issue\/view\/668\" target=\"_blank\"><\/a><a rel=\"noreferrer noopener\" href=\"https:\/\/ojs.letras.up.pt\/index.php\/EL\/issue\/view\/668\" data-type=\"URL\" data-id=\"https:\/\/ojs.letras.up.pt\/index.php\/EL\/issue\/view\/668\" target=\"_blank\"><\/a><a rel=\"noreferrer noopener\" href=\"https:\/\/ojs.letras.up.pt\/index.php\/EL\/issue\/view\/668\" data-type=\"URL\" data-id=\"https:\/\/ojs.letras.up.pt\/index.php\/EL\/issue\/view\/668\" target=\"_blank\">Volume \u2168<\/a><\/h3>\n\n\n\n<h3 class=\"wp-block-heading\">2014<\/h3>\n<\/div><\/div>\n\n\n\n<div class=\"wp-block-media-text alignwide is-stacked-on-mobile\"><figure class=\"wp-block-media-text__media\"><img decoding=\"async\" src=\"\/clup\/wp-content\/uploads\/2021\/10\/linguistica_2013-690x1024.png\" alt=\"\" class=\"wp-image-2813 size-full\"\/><\/figure><div class=\"wp-block-media-text__content\">\n<h3 class=\"wp-block-heading\"><a rel=\"noreferrer noopener\" href=\"https:\/\/ojs.letras.up.pt\/index.php\/EL\/issue\/view\/668\" data-type=\"URL\" data-id=\"https:\/\/ojs.letras.up.pt\/index.php\/EL\/issue\/view\/668\" target=\"_blank\">Volume \u2167<\/a><\/h3>\n\n\n\n<h3 class=\"wp-block-heading\">2013<\/h3>\n<\/div><\/div>\n\n\n\n<div class=\"wp-block-media-text alignwide is-stacked-on-mobile\"><figure class=\"wp-block-media-text__media\"><img decoding=\"async\" src=\"\/clup\/wp-content\/uploads\/2021\/10\/linguistica_2012-690x1024.png\" alt=\"\" class=\"wp-image-2812 size-full\"\/><\/figure><div class=\"wp-block-media-text__content\">\n<h3 class=\"wp-block-heading\"><a rel=\"noreferrer noopener\" href=\"https:\/\/ojs.letras.up.pt\/index.php\/EL\/issue\/view\/668\" data-type=\"URL\" data-id=\"https:\/\/ojs.letras.up.pt\/index.php\/EL\/issue\/view\/668\" target=\"_blank\">Volume \u2166<\/a><\/h3>\n\n\n\n<h3 class=\"wp-block-heading\">2012<\/h3>\n<\/div><\/div>\n\n\n\n<div class=\"wp-block-media-text alignwide is-stacked-on-mobile\"><figure class=\"wp-block-media-text__media\"><img decoding=\"async\" src=\"\/clup\/wp-content\/uploads\/2021\/10\/linguistica_2011-690x1024.png\" alt=\"\" class=\"wp-image-2811 size-full\"\/><\/figure><div class=\"wp-block-media-text__content\">\n<h3 class=\"wp-block-heading\"><a rel=\"noreferrer noopener\" href=\"https:\/\/ojs.letras.up.pt\/index.php\/EL\/issue\/view\/668\" data-type=\"URL\" data-id=\"https:\/\/ojs.letras.up.pt\/index.php\/EL\/issue\/view\/668\" target=\"_blank\">Volume \u2165<\/a><\/h3>\n\n\n\n<h3 class=\"wp-block-heading\">2011<\/h3>\n<\/div><\/div>\n\n\n\n<div class=\"wp-block-media-text alignwide is-stacked-on-mobile\"><figure class=\"wp-block-media-text__media\"><img decoding=\"async\" src=\"\/clup\/wp-content\/uploads\/2021\/10\/linguistica_2010-693x1024.png\" alt=\"\" class=\"wp-image-2810 size-full\"\/><\/figure><div class=\"wp-block-media-text__content\">\n<h3 class=\"wp-block-heading\"><a rel=\"noreferrer noopener\" href=\"https:\/\/ojs.letras.up.pt\/index.php\/EL\/issue\/view\/668\" data-type=\"URL\" data-id=\"https:\/\/ojs.letras.up.pt\/index.php\/EL\/issue\/view\/668\" target=\"_blank\">Volume \u2164<\/a><\/h3>\n\n\n\n<h3 class=\"wp-block-heading\">2010<\/h3>\n<\/div><\/div>\n\n\n\n<div class=\"wp-block-media-text alignwide is-stacked-on-mobile\"><figure class=\"wp-block-media-text__media\"><img decoding=\"async\" src=\"\/clup\/wp-content\/uploads\/2021\/10\/linguistica_2009-690x1024.png\" alt=\"\" class=\"wp-image-2809 size-full\"\/><\/figure><div class=\"wp-block-media-text__content\">\n<h3 class=\"wp-block-heading\"><a rel=\"noreferrer noopener\" href=\"https:\/\/ojs.letras.up.pt\/index.php\/EL\/issue\/view\/668\" data-type=\"URL\" data-id=\"https:\/\/ojs.letras.up.pt\/index.php\/EL\/issue\/view\/668\" target=\"_blank\">Volume \u2163<\/a><\/h3>\n\n\n\n<h3 class=\"wp-block-heading\">2009<\/h3>\n<\/div><\/div>\n\n\n\n<div class=\"wp-block-media-text alignwide is-stacked-on-mobile\"><figure class=\"wp-block-media-text__media\"><img decoding=\"async\" src=\"\/clup\/wp-content\/uploads\/2021\/10\/linguistica_2008-690x1024.png\" alt=\"\" class=\"wp-image-2808 size-full\"\/><\/figure><div class=\"wp-block-media-text__content\">\n<h3 class=\"wp-block-heading\"><a rel=\"noreferrer noopener\" href=\"https:\/\/ojs.letras.up.pt\/index.php\/EL\/issue\/view\/668\" data-type=\"URL\" data-id=\"https:\/\/ojs.letras.up.pt\/index.php\/EL\/issue\/view\/668\" target=\"_blank\">Volume \u2162<\/a><\/h3>\n\n\n\n<h3 class=\"wp-block-heading\">2008<\/h3>\n<\/div><\/div>\n\n\n\n<div class=\"wp-block-media-text alignwide is-stacked-on-mobile\"><figure class=\"wp-block-media-text__media\"><img decoding=\"async\" src=\"\/clup\/wp-content\/uploads\/2021\/10\/linguistica_2007-690x1024.png\" alt=\"\" class=\"wp-image-2807 size-full\"\/><\/figure><div class=\"wp-block-media-text__content\">\n<h3 class=\"wp-block-heading\"><a rel=\"noreferrer noopener\" href=\"https:\/\/ojs.letras.up.pt\/index.php\/EL\/issue\/view\/668\" data-type=\"URL\" data-id=\"https:\/\/ojs.letras.up.pt\/index.php\/EL\/issue\/view\/668\" target=\"_blank\">Volume \u2161<\/a><\/h3>\n\n\n\n<h3 class=\"wp-block-heading\">2007<\/h3>\n<\/div><\/div>\n\n\n\n<div class=\"wp-block-media-text alignwide is-stacked-on-mobile\"><figure class=\"wp-block-media-text__media\"><img decoding=\"async\" src=\"\/clup\/wp-content\/uploads\/2021\/10\/linguistica_2006-690x1024.png\" alt=\"\" class=\"wp-image-2806 size-full\"\/><\/figure><div class=\"wp-block-media-text__content\">\n<h3 class=\"wp-block-heading\"><a href=\"https:\/\/ojs.letras.up.pt\/index.php\/EL\/issue\/view\/668\" data-type=\"URL\" data-id=\"https:\/\/ojs.letras.up.pt\/index.php\/EL\/issue\/view\/668\" target=\"_blank\" rel=\"noreferrer noopener\">Volume \u2160<\/a><\/h3>\n\n\n\n<h3 class=\"wp-block-heading\">2006<\/h3>\n<\/div><\/div>\n","protected":false},"excerpt":{"rendered":"A revista Lingu\u00edstica, com mais de 10 anos de exist\u00eancia e publica\u00e7\u00e3o regular, tem dado a conhecer trabalhos de investiga\u00e7\u00e3o originais de linguistas portugueses e estrangeiros.","protected":false},"author":2,"featured_media":2845,"parent":6182,"menu_order":5,"comment_status":"closed","ping_status":"closed","template":"","meta":{"footnotes":""},"class_list":["post-31","page","type-page","status-publish","has-post-thumbnail","hentry"],"_links":{"self":[{"href":"https:\/\/id.letras.up.pt\/clup\/index.php?rest_route=\/wp\/v2\/pages\/31","targetHints":{"allow":["GET"]}}],"collection":[{"href":"https:\/\/id.letras.up.pt\/clup\/index.php?rest_route=\/wp\/v2\/pages"}],"about":[{"href":"https:\/\/id.letras.up.pt\/clup\/index.php?rest_route=\/wp\/v2\/types\/page"}],"author":[{"embeddable":true,"href":"https:\/\/id.letras.up.pt\/clup\/index.php?rest_route=\/wp\/v2\/users\/2"}],"replies":[{"embeddable":true,"href":"https:\/\/id.letras.up.pt\/clup\/index.php?rest_route=%2Fwp%2Fv2%2Fcomments&post=31"}],"version-history":[{"count":4,"href":"https:\/\/id.letras.up.pt\/clup\/index.php?rest_route=\/wp\/v2\/pages\/31\/revisions"}],"predecessor-version":[{"id":6180,"href":"https:\/\/id.letras.up.pt\/clup\/index.php?rest_route=\/wp\/v2\/pages\/31\/revisions\/6180"}],"up":[{"embeddable":true,"href":"https:\/\/id.letras.up.pt\/clup\/index.php?rest_route=\/wp\/v2\/pages\/6182"}],"wp:featuredmedia":[{"embeddable":true,"href":"https:\/\/id.letras.up.pt\/clup\/index.php?rest_route=\/"}],"wp:attachment":[{"href":"https:\/\/id.letras.up.pt\/clup\/index.php?rest_route=%2Fwp%2Fv2%2Fmedia&parent=31"}],"curies":[{"name":"wp","href":"https:\/\/api.w.org\/{rel}","templated":true}]}}