








{"id":4875,"date":"2024-01-11T12:53:00","date_gmt":"2024-01-11T12:53:00","guid":{"rendered":"https:\/\/clup.pt\/?page_id=4875"},"modified":"2026-04-02T11:40:54","modified_gmt":"2026-04-02T11:40:54","slug":"arquivodialetal-agradecimentos","status":"publish","type":"page","link":"https:\/\/id.letras.up.pt\/clup\/?page_id=4875","title":{"rendered":"Agradecimentos"},"content":{"rendered":"\n<p><strong>As seguintes pessoas e institui\u00e7\u00f5es contribu\u00edram de alguma forma para este projeto.<\/strong><\/p>\n\n\n\n<p><strong>Pessoas:<\/strong><\/p>\n\n\n\n<ul class=\"wp-block-list\">\n<li>Marta Afonso (Centro de Lingu\u00edstica da Universidade do Porto)<\/li>\n\n\n\n<li>Ana Paula Alencastro (Pontif\u00edcia Universidade Cat\u00f3lica do Rio Grande do Sul)<\/li>\n\n\n\n<li>Rita Ferreira (Faculdade de Letras da Universidade do Porto)<\/li>\n\n\n\n<li>Diamantino Freitas (Faculdade de Engenharia da Universidade do Porto)<\/li>\n\n\n\n<li>Manuel Gericota (Instituto Superior de Engenharia do Porto)<\/li>\n\n\n\n<li>Lu\u00eds M. T. Jesus (Instituto de Engenharia Electr\u00f3nica e Telem\u00e1tica de Aveiro, Universidade de Aveiro)<\/li>\n\n\n\n<li>Ilpo Kempas (Universidade de Sein\u00e4joki)<\/li>\n\n\n\n<li>Miguel Nogueira (Oficina do Mapa, Faculdade de Letras da Universidade do Porto)<\/li>\n\n\n\n<li>Catarina Oliveira (Instituto de Engenharia Electr\u00f3nica e Telem\u00e1tica de Aveiro, Universidade de Aveiro)<\/li>\n\n\n\n<li>Margarida Gil Pires (Faculdade de Letras da Universidade do Porto)<\/li>\n\n\n\n<li>Iiris Rennicke (Universidade de Hels\u00ednquia\/Centro de Lingu\u00edstica da Universidade do Porto)<\/li>\n<\/ul>\n\n\n\n<p><strong>Institui\u00e7\u00f5es:<\/strong><\/p>\n\n\n\n<ul class=\"wp-block-list\">\n<li>Faculdade de Letras da Universidade do Porto<\/li>\n\n\n\n<li>Centro de Lingu\u00edstica da Universidade do Porto<\/li>\n\n\n\n<li>Oficina do Mapa, Faculdade de Letras da Universidade do Porto<\/li>\n\n\n\n<li>Funda\u00e7\u00e3o para a Ci\u00eancia e a Tecnologia<\/li>\n<\/ul>\n\n\n\n<p><\/p>\n\n\n\n<p>Sobre<\/p>\n\n\n\n<p>\u2013&nbsp;<a href=\"https:\/\/id.letras.up.pt\/clup\/?page_id=4859\" target=\"_blank\" rel=\"noreferrer noopener\">Apresenta\u00e7\u00e3o<\/a><br>\u2013&nbsp;<a href=\"https:\/\/id.letras.up.pt\/clup\/?page_id=4862\" target=\"_blank\" rel=\"noreferrer noopener\">Hist\u00f3ria<\/a><br>\u2013&nbsp;<a href=\"https:\/\/id.letras.up.pt\/clup\/?page_id=4868\" target=\"_blank\" rel=\"noreferrer noopener\">Equipa<\/a><br>\u2013&nbsp;<a href=\"https:\/\/id.letras.up.pt\/clup\/?page_id=4872\" target=\"_blank\" rel=\"noreferrer noopener\">Autores das Recolhas<\/a><br>\u2013&nbsp;<a href=\"https:\/\/id.letras.up.pt\/clup\/?page_id=4875\" target=\"_blank\" rel=\"noreferrer noopener\">Agradecimentos<\/a><br>\u2013&nbsp;<a href=\"https:\/\/id.letras.up.pt\/clup\/?page_id=4878\" target=\"_blank\" rel=\"noreferrer noopener\">Futuro<\/a><br>\u2013&nbsp;<a href=\"https:\/\/id.letras.up.pt\/clup\/?page_id=4881\" target=\"_blank\" rel=\"noreferrer noopener\">Como&nbsp;citar<\/a><\/p>\n\n\n\n<p>Metodologia&nbsp;e&nbsp;Conven\u00e7\u00f5es<\/p>\n\n\n\n<p>\u2013&nbsp;<a href=\"https:\/\/id.letras.up.pt\/clup\/?page_id=4897\" target=\"_blank\" rel=\"noreferrer noopener\">Recolhas<\/a><br>\u2013&nbsp;<a href=\"https:\/\/id.letras.up.pt\/clup\/?page_id=4899\" target=\"_blank\" rel=\"noreferrer noopener\">Transcri\u00e7\u00f5es<\/a><br>\u2013&nbsp;<a href=\"https:\/\/id.letras.up.pt\/clup\/?page_id=4905\" target=\"_blank\" rel=\"noreferrer noopener\">Levantamento&nbsp;de&nbsp;fen\u00f3menos<\/a><\/p>\n\n\n\n<p>Acervo<\/p>\n\n\n\n<p>\u2013&nbsp;<a href=\"https:\/\/id.letras.up.pt\/clup\/?page_id=4918\" target=\"_blank\" rel=\"noreferrer noopener\">Informantes<\/a><br>\u2013&nbsp;<a href=\"https:\/\/id.letras.up.pt\/clup\/?page_id=3977\" target=\"_blank\" rel=\"noreferrer noopener\">Amostras<\/a><br>\u2013&nbsp;<a href=\"https:\/\/id.letras.up.pt\/clup\/?page_id=4923\" target=\"_blank\" rel=\"noreferrer noopener\">Fen\u00f3menos de varia\u00e7\u00e3o atestados<\/a><br>\u2013&nbsp;<a href=\"https:\/\/id.letras.up.pt\/clup\/?page_id=4927\" target=\"_blank\" rel=\"noreferrer noopener\">Tratamento&nbsp;cartogr\u00e1fico<\/a><\/p>\n\n\n\n<p><a href=\"https:\/\/id.letras.up.pt\/clup\/?page_id=4838\" target=\"_blank\" rel=\"noreferrer noopener\">Resultados&nbsp;de&nbsp;pesquisa<\/a><\/p>\n\n\n\n<div class=\"wp-block-group\"><div class=\"wp-block-group__inner-container is-layout-constrained wp-block-group-is-layout-constrained\">\n\n<\/div><\/div>\n<p>\n\n<\/p>\n<p>\n\n<\/p>\n<p>\n\n<\/p>\n<p>\n\n<\/p>\n<figure class=\"wp-block-image\"><a href=\"https:\/\/creativecommons.org\/licenses\/by-sa\/4.0\/\"><img decoding=\"async\" src=\"https:\/\/cl.up.pt\/arquivo\/imagens\/cc.jpg\" alt=\"\"\/><\/a><\/figure>\n<p>\n\n<\/p>\n<p>\n\n<\/p>\n<p>Esta&nbsp;obra&nbsp;est\u00e1 licenciada sob uma&nbsp;<a href=\"https:\/\/creativecommons.org\/licenses\/by-sa\/4.0\/\" target=\"_blank\" rel=\"noreferrer noopener\">Licen\u00e7a Creative Commons<\/a>.<br \/>This work is licenced under a&nbsp;<a href=\"https:\/\/creativecommons.org\/licenses\/by-sa\/4.0\/\" target=\"_blank\" rel=\"noreferrer noopener\">Creative Commons Licence<\/a>.<\/p>\n<p>\n\n<\/p>\n<p>\n\n<\/p>\n<p>DOI:\u00a0<a href=\"https:\/\/doi.org\/10.21747\/arquivoDialetal\">https:\/\/doi.org\/10.21747\/arquivoDialetal<\/a><\/p>\n<p>\n\n<\/p>\n\n\n<\/div>\n<p><!-- \/wp:post-content --><\/p>","protected":false},"excerpt":{"rendered":"As seguintes pessoas e institui\u00e7\u00f5es contribu\u00edram de alguma forma para este projeto. Pessoas: Institui\u00e7\u00f5es: Sobre \u2013&nbsp;Apresenta\u00e7\u00e3o\u2013&nbsp;Hist\u00f3ria\u2013&nbsp;Equipa\u2013&nbsp;Autores das Recolhas\u2013&nbsp;Agradecimentos\u2013&nbsp;Futuro\u2013&nbsp;Como&nbsp;citar Metodologia&nbsp;e&nbsp;Conven\u00e7\u00f5es \u2013&nbsp;Recolhas\u2013&nbsp;Transcri\u00e7\u00f5es\u2013&nbsp;Levantamento&nbsp;de&nbsp;fen\u00f3menos Acervo \u2013&nbsp;Informantes\u2013&nbsp;Amostras\u2013&nbsp;Fen\u00f3menos de varia\u00e7\u00e3o atestados\u2013&nbsp;Tratamento&nbsp;cartogr\u00e1fico Resultados&nbsp;de&nbsp;pesquisa Esta&nbsp;obra&nbsp;est\u00e1 licenciada sob uma&nbsp;Licen\u00e7a Creative Commons.This work is licenced under a&nbsp;Creative Commons Licence. DOI:\u00a0https:\/\/doi.org\/10.21747\/arquivoDialetal","protected":false},"author":1,"featured_media":0,"parent":4820,"menu_order":0,"comment_status":"closed","ping_status":"closed","template":"","meta":{"footnotes":""},"class_list":["post-4875","page","type-page","status-publish","hentry"],"_links":{"self":[{"href":"https:\/\/id.letras.up.pt\/clup\/index.php?rest_route=\/wp\/v2\/pages\/4875","targetHints":{"allow":["GET"]}}],"collection":[{"href":"https:\/\/id.letras.up.pt\/clup\/index.php?rest_route=\/wp\/v2\/pages"}],"about":[{"href":"https:\/\/id.letras.up.pt\/clup\/index.php?rest_route=\/wp\/v2\/types\/page"}],"author":[{"embeddable":true,"href":"https:\/\/id.letras.up.pt\/clup\/index.php?rest_route=\/wp\/v2\/users\/1"}],"replies":[{"embeddable":true,"href":"https:\/\/id.letras.up.pt\/clup\/index.php?rest_route=%2Fwp%2Fv2%2Fcomments&post=4875"}],"version-history":[{"count":8,"href":"https:\/\/id.letras.up.pt\/clup\/index.php?rest_route=\/wp\/v2\/pages\/4875\/revisions"}],"predecessor-version":[{"id":6878,"href":"https:\/\/id.letras.up.pt\/clup\/index.php?rest_route=\/wp\/v2\/pages\/4875\/revisions\/6878"}],"up":[{"embeddable":true,"href":"https:\/\/id.letras.up.pt\/clup\/index.php?rest_route=\/wp\/v2\/pages\/4820"}],"wp:attachment":[{"href":"https:\/\/id.letras.up.pt\/clup\/index.php?rest_route=%2Fwp%2Fv2%2Fmedia&parent=4875"}],"curies":[{"name":"wp","href":"https:\/\/api.w.org\/{rel}","templated":true}]}}