








{"id":6944,"date":"2026-04-13T11:18:06","date_gmt":"2026-04-13T11:18:06","guid":{"rendered":"https:\/\/id.letras.up.pt\/clup\/?page_id=6944"},"modified":"2026-04-27T14:59:05","modified_gmt":"2026-04-27T14:59:05","slug":"clup26","status":"publish","type":"page","link":"https:\/\/id.letras.up.pt\/clup\/?page_id=6944","title":{"rendered":"CLUP&#8217;26"},"content":{"rendered":"\n<h2 class=\"wp-block-heading has-x-large-font-size\">Do legado ao desafio da inova\u00e7\u00e3o: 50 anos do Centro de Lingu\u00edstica da Universidade do Porto <\/h2>\n\n\n\n<p><strong><strong>Congresso comemorativo dos 50 anos do CLUP<\/strong> <br><strong>9\u201310 de novembro de 2026 Faculdade de Letras da Universidade&nbsp;do&nbsp;Porto<\/strong><\/strong> <\/p>\n\n\n\n<ul class=\"wp-block-list\">\n<li><a href=\"https:\/\/id.letras.up.pt\/clup\/?page_id=7095&amp;lang=en\" data-type=\"page\" data-id=\"7056\"><strong>ENGLISH VERSION<\/strong><\/a><\/li>\n<\/ul>\n\n\n\n<p class=\"has-medium-font-size\">Em 2026, assinalam-se os cinquenta anos do Centro de Lingu\u00edstica da Universidade do Porto (CLUP). Para celebrar esta data simb\u00f3lica, o CLUP anuncia a realiza\u00e7\u00e3o do congresso internacional <strong><em>Do legado ao desafio da inova\u00e7\u00e3o: 50 anos do Centro de Lingu\u00edstica da Universidade do Porto,<\/em><\/strong> que ter\u00e1 lugar nos dias 9 e 10 de novembro de 2026, em regime presencial, na Faculdade de Letras da Universidade do Porto (FLUP), Portugal.<\/p>\n\n\n\n<p class=\"has-medium-font-size\">Este evento pretende promover uma reflex\u00e3o sobre o percurso cient\u00edfico do Centro desde a sua funda\u00e7\u00e3o, bem como discutir os desafios atuais e futuros da investiga\u00e7\u00e3o em lingu\u00edstica.<\/p>\n\n\n\n<p class=\"has-medium-font-size\">Convidam-se investigadores, docentes e estudantes de todos os ciclos e \u00e1reas de estudo com investiga\u00e7\u00e3o nas \u00e1reas tem\u00e1ticas do congresso a submeter propostas para apresenta\u00e7\u00e3o de trabalhos. Ser\u00e3o particularmente incentivadas propostas que dialoguem, mas n\u00e3o exclusivamente, com as tem\u00e1ticas centrais de investiga\u00e7\u00e3o no CLUP:<\/p>\n\n\n\n<ul class=\"wp-block-list has-medium-font-size\">\n<li class=\"has-medium-font-size\"><strong>&#8211; Aplica\u00e7\u00f5es Sociais da Linguagem<\/strong><\/li>\n\n\n\n<li class=\"has-medium-font-size\"><strong>&#8211; Discurso, Comunica\u00e7\u00e3o e Sociedade<\/strong><\/li>\n\n\n\n<li class=\"has-medium-font-size\"><strong>&#8211; Gram\u00e1tica: Estruturas e Usos<\/strong><\/li>\n\n\n\n<li class=\"has-medium-font-size\"><strong>&#8211; L\u00edngua e Hist\u00f3ria<\/strong><\/li>\n<\/ul>\n\n\n\n<p class=\"has-medium-font-size\">Ser\u00e3o, ainda, aceites&nbsp;trabalhos que, n\u00e3o se enquadrando diretamente numa das linhas de investiga\u00e7\u00e3o do CLUP, constituam temas relevantes para o campo da lingu\u00edstica.<\/p>\n\n\n\n<p class=\"has-medium-font-size\">Por favor consultar as <a href=\"https:\/\/id.letras.up.pt\/clup\/?page_id=6967\">Instru\u00e7\u00f5es para autores<\/a>.<br>Submiss\u00f5es em: <a href=\"https:\/\/easyabs.linguistlist.org\/conference\/CLUP_50anos\/\" target=\"_blank\" rel=\"noreferrer noopener\">https:\/\/easyabs.linguistlist.org\/conference\/CLUP_50anos\/<\/a><\/p>\n\n\n\n<h2 class=\"wp-block-heading has-large-font-size\"><strong>L\u00ednguas de trabalho<\/strong><\/h2>\n\n\n\n<p class=\"has-medium-font-size\">O congresso ter\u00e1 como l\u00ednguas de trabalho: Portugu\u00eas, Ingl\u00eas, Franc\u00eas, Alem\u00e3o e Espanhol.<\/p>\n\n\n\n<h2 class=\"wp-block-heading has-large-font-size\"><strong>Conferencistas Convidados<\/strong><\/h2>\n\n\n\n<figure class=\"wp-block-image size-large is-style-default wp-duotone-grayscale\"><img loading=\"lazy\" decoding=\"async\" width=\"186\" height=\"200\" src=\"https:\/\/id.letras.up.pt\/clup\/wp-content\/uploads\/2026\/04\/filip.jpg\" alt=\"\" class=\"wp-image-6990\"\/><\/figure>\n\n\n\n<p class=\"has-text-align-left has-large-font-size\" style=\"text-transform:uppercase\"><a href=\"https:\/\/hanafilip.com\/\" target=\"_blank\" rel=\"noreferrer noopener\">Hana Filip<\/a> <\/p>\n\n\n\n<figure class=\"wp-block-image size-large is-style-default wp-duotone-grayscale\"><img loading=\"lazy\" decoding=\"async\" width=\"200\" height=\"200\" src=\"https:\/\/id.letras.up.pt\/clup\/wp-content\/uploads\/2026\/04\/silvestre.jpeg\" alt=\"\" class=\"wp-image-6991\" srcset=\"https:\/\/id.letras.up.pt\/clup\/wp-content\/uploads\/2026\/04\/silvestre.jpeg 200w, https:\/\/id.letras.up.pt\/clup\/wp-content\/uploads\/2026\/04\/silvestre-150x150.jpeg 150w\" sizes=\"auto, (max-width: 200px) 100vw, 200px\" \/><\/figure>\n\n\n\n<p class=\"has-large-font-size\" style=\"text-transform:uppercase\"><a href=\"https:\/\/www.ua.pt\/pt\/p\/80458727\" target=\"_blank\" rel=\"noreferrer noopener\">Jo\u00e3o&nbsp;Paulo&nbsp;Silvestre<\/a><\/p>\n\n\n\n<figure class=\"wp-block-image size-large is-style-default wp-duotone-grayscale\"><img loading=\"lazy\" decoding=\"async\" width=\"200\" height=\"200\" src=\"https:\/\/id.letras.up.pt\/clup\/wp-content\/uploads\/2026\/04\/svoboda-1.png\" alt=\"\" class=\"wp-image-6992\" srcset=\"https:\/\/id.letras.up.pt\/clup\/wp-content\/uploads\/2026\/04\/svoboda-1.png 200w, https:\/\/id.letras.up.pt\/clup\/wp-content\/uploads\/2026\/04\/svoboda-1-150x150.png 150w\" sizes=\"auto, (max-width: 200px) 100vw, 200px\" \/><\/figure>\n\n\n\n<p class=\"has-large-font-size\" style=\"text-transform:uppercase\"><a href=\"https:\/\/utrl.ff.cuni.cz\/cs\/ustavkatedra\/lide\/zamestnanci\/doc-phdr-tomas-svoboda-ph-d\/\" target=\"_blank\" rel=\"noreferrer noopener\">Tomas Svoboda<\/a><\/p>\n\n\n\n<figure class=\"wp-block-image size-large wp-duotone-grayscale\"><img loading=\"lazy\" decoding=\"async\" width=\"194\" height=\"200\" src=\"https:\/\/id.letras.up.pt\/clup\/wp-content\/uploads\/2026\/04\/vidal.jpg\" alt=\"\" class=\"wp-image-6993\"\/><\/figure>\n\n\n\n<p class=\"has-large-font-size\" style=\"text-transform:uppercase\"><a href=\"https:\/\/www.ae-info.org\/ae\/Member\/Escandell-Vidal_Victoria\" target=\"_blank\" rel=\"noreferrer noopener\">Victoria Escandell-Vidal<\/a><\/p>\n\n\n\n<h2 class=\"wp-block-heading has-large-font-size\"><strong>A Comiss\u00e3o Organizadora,<\/strong><\/h2>\n\n\n\n<p class=\"has-medium-font-size\">Rui Sousa-Silva<br>Alexandra Guedes Pinto<br>F\u00e1tima Silva<br>Fran\u00e7oise Bacquelaine<br>In\u00eas Oliveira<br>Isabel Margarida Duarte<br>Thomas Husgen<br>Vanessa Anachoreta<\/p>\n","protected":false},"excerpt":{"rendered":"Do legado ao desafio da inova\u00e7\u00e3o: 50 anos do Centro de Lingu\u00edstica da Universidade do Porto Congresso comemorativo dos 50 anos do CLUP 9\u201310 de novembro de 2026 Faculdade de Letras da Universidade&nbsp;do&nbsp;Porto Em 2026, assinalam-se os cinquenta anos do Centro de Lingu\u00edstica da Universidade do Porto (CLUP). Para celebrar esta data simb\u00f3lica, o CLUP [&hellip;]","protected":false},"author":1,"featured_media":0,"parent":0,"menu_order":5,"comment_status":"closed","ping_status":"closed","template":"","meta":{"footnotes":""},"class_list":["post-6944","page","type-page","status-publish","hentry"],"_links":{"self":[{"href":"https:\/\/id.letras.up.pt\/clup\/index.php?rest_route=\/wp\/v2\/pages\/6944","targetHints":{"allow":["GET"]}}],"collection":[{"href":"https:\/\/id.letras.up.pt\/clup\/index.php?rest_route=\/wp\/v2\/pages"}],"about":[{"href":"https:\/\/id.letras.up.pt\/clup\/index.php?rest_route=\/wp\/v2\/types\/page"}],"author":[{"embeddable":true,"href":"https:\/\/id.letras.up.pt\/clup\/index.php?rest_route=\/wp\/v2\/users\/1"}],"replies":[{"embeddable":true,"href":"https:\/\/id.letras.up.pt\/clup\/index.php?rest_route=%2Fwp%2Fv2%2Fcomments&post=6944"}],"version-history":[{"count":75,"href":"https:\/\/id.letras.up.pt\/clup\/index.php?rest_route=\/wp\/v2\/pages\/6944\/revisions"}],"predecessor-version":[{"id":7145,"href":"https:\/\/id.letras.up.pt\/clup\/index.php?rest_route=\/wp\/v2\/pages\/6944\/revisions\/7145"}],"wp:attachment":[{"href":"https:\/\/id.letras.up.pt\/clup\/index.php?rest_route=%2Fwp%2Fv2%2Fmedia&parent=6944"}],"curies":[{"name":"wp","href":"https:\/\/api.w.org\/{rel}","templated":true}]}}