








{"id":3382,"date":"2025-02-27T11:33:19","date_gmt":"2025-02-27T11:33:19","guid":{"rendered":"https:\/\/id.letras.up.pt\/clup\/int\/?page_id=3382"},"modified":"2025-12-12T14:36:40","modified_gmt":"2025-12-12T14:36:40","slug":"other-editions","status":"publish","type":"page","link":"https:\/\/id.letras.up.pt\/clup\/int\/?page_id=3382","title":{"rendered":"Other Editions"},"content":{"rendered":"\n<div class=\"wp-block-columns is-layout-flex wp-container-core-columns-is-layout-1 wp-block-columns-is-layout-flex\">\n<div class=\"wp-block-column is-layout-flow wp-block-column-is-layout-flow\" style=\"flex-basis:33.33%\">\n<figure class=\"wp-block-image size-full\"><a href=\"https:\/\/ebooks.letras.up.pt\/index.php\/eflup\/catalog\/book\/3\" target=\"_blank\" rel=\"noreferrer noopener\"><img loading=\"lazy\" decoding=\"async\" width=\"628\" height=\"891\" src=\"https:\/\/id.letras.up.pt\/clup\/int\/wp-content\/uploads\/sites\/2\/2025\/12\/capa.png\" alt=\"\" class=\"wp-image-3619\" srcset=\"https:\/\/id.letras.up.pt\/clup\/int\/wp-content\/uploads\/sites\/2\/2025\/12\/capa.png 628w, https:\/\/id.letras.up.pt\/clup\/int\/wp-content\/uploads\/sites\/2\/2025\/12\/capa-211x300.png 211w\" sizes=\"(max-width: 628px) 100vw, 628px\" \/><\/a><\/figure>\n<\/div>\n\n\n\n<div class=\"wp-block-column is-vertically-aligned-center is-layout-flow wp-block-column-is-layout-flow\" style=\"flex-basis:66.66%\">\n<details class=\"wp-block-details is-layout-flow wp-block-details-is-layout-flow\" style=\"font-size:22px\"><summary>Mulheres no Discurso \u2013 Women in Discourse (2025)<\/summary>\n<p><\/p>\n\n\n\n<p style=\"font-size:22px\">Organisers: Maria Alexandra Guedes Pinto, Vanessa Gomes Teixeira Anachoreta, Ana Sofia Meneses-Silva, Enio Jos\u00e9 Porfirio Soares,\u00a0Xinxin\u00a0Shi<\/p>\n<\/details>\n<\/div>\n<\/div>\n\n\n\n<div class=\"wp-block-columns is-layout-flex wp-container-core-columns-is-layout-2 wp-block-columns-is-layout-flex\">\n<div class=\"wp-block-column is-layout-flow wp-block-column-is-layout-flow\" style=\"flex-basis:33.33%\">\n<figure class=\"wp-block-image size-full\"><a href=\"https:\/\/ler.letras.up.pt\/site\/default.aspx?qry=id037id11011&amp;sum=sim&amp;n0=Edi%C3%A7%C3%B5es%20do%20CLUP%20&amp;n1=Projetos%20de%20Pesquisa%20em%20Ci%C3%AAncias%20da%20Linguagem\" target=\"_blank\" rel=\"noreferrer noopener\"><img loading=\"lazy\" decoding=\"async\" width=\"647\" height=\"891\" src=\"https:\/\/id.letras.up.pt\/clup\/int\/wp-content\/uploads\/sites\/2\/2025\/06\/projetos.png\" alt=\"\" class=\"wp-image-3550\" srcset=\"https:\/\/id.letras.up.pt\/clup\/int\/wp-content\/uploads\/sites\/2\/2025\/06\/projetos.png 647w, https:\/\/id.letras.up.pt\/clup\/int\/wp-content\/uploads\/sites\/2\/2025\/06\/projetos-218x300.png 218w\" sizes=\"(max-width: 647px) 100vw, 647px\" \/><\/a><\/figure>\n<\/div>\n\n\n\n<div class=\"wp-block-column is-vertically-aligned-center is-layout-flow wp-block-column-is-layout-flow\" style=\"flex-basis:66.66%\">\n<details class=\"wp-block-details is-layout-flow wp-block-details-is-layout-flow\" style=\"font-size:22px\"><summary>Projetos de Pesquisa em Ci\u00eancias da Linguagem (2024)<\/summary>\n<p><\/p>\n\n\n\n<p style=\"font-size:22px\">Coordinator: Maria Alexandra Guedes Pinto<\/p>\n<\/details>\n<\/div>\n<\/div>\n\n\n\n<div class=\"wp-block-columns is-layout-flex wp-container-core-columns-is-layout-3 wp-block-columns-is-layout-flex\">\n<div class=\"wp-block-column is-layout-flow wp-block-column-is-layout-flow\" style=\"flex-basis:33.33%\">\n<figure class=\"wp-block-image size-full\"><a href=\"https:\/\/ler.letras.up.pt\/site\/default.aspx?qry=id037id11003&amp;sum=sim&amp;n0=Edi%C3%A7%C3%B5es%20do%20CLUP%20&amp;n1=Portuguese%20Sign%20Language%20and%20other%20sign%20languages\" target=\"_blank\" rel=\"noreferrer noopener\"><img decoding=\"async\" src=\"https:\/\/id.letras.up.pt\/clup\/wp-content\/uploads\/2025\/04\/Untitled.png\" alt=\"\" class=\"wp-image-6381\"\/><\/a><\/figure>\n<\/div>\n\n\n\n<div class=\"wp-block-column is-vertically-aligned-center is-layout-flow wp-block-column-is-layout-flow\" style=\"flex-basis:66.66%\">\n<details class=\"wp-block-details is-layout-flow wp-block-details-is-layout-flow\" style=\"font-size:22px\"><summary>Portuguese Sign Language and other sign languages: Studies on morphosyntax, semantics and lexicon (2024)<\/summary>\n<p><\/p>\n\n\n\n<p style=\"font-size:22px\">Editors: Celda Morgado, Ana Maria Brito, Ana Mineiro, Jos\u00e9 Ant\u00f3nio Costa, Mara Moita, Vanessa Anachoreta e In\u00eas Oliveira<\/p>\n<\/details>\n<\/div>\n<\/div>\n\n\n\n<div class=\"wp-block-columns is-layout-flex wp-container-core-columns-is-layout-4 wp-block-columns-is-layout-flex\">\n<div class=\"wp-block-column is-layout-flow wp-block-column-is-layout-flow\" style=\"flex-basis:33.33%\">\n<figure class=\"wp-block-image size-large\"><a href=\"https:\/\/ler.letras.up.pt\/site\/default.aspx?qry=id037id1991&amp;sum=sim&amp;n0=Edi\u00e7\u00f5es%20do%20CLUP%20&amp;n1=O%20ensino%20do%20alem\u00e3o%20como%20l\u00edngua%20estrangeira%20na%20Comunidade%20dos%20Pa\u00edses%20de%20L\u00edngua%20Portuguesa%20\u2013%20do%20passado%20ao%20presente\" target=\"_blank\" rel=\"noreferrer noopener\"><img loading=\"lazy\" decoding=\"async\" width=\"724\" height=\"1024\" src=\"https:\/\/id.letras.up.pt\/clup\/int\/wp-content\/uploads\/sites\/2\/2025\/03\/20547-724x1024.jpg\" alt=\"\" class=\"wp-image-3456\" srcset=\"https:\/\/id.letras.up.pt\/clup\/int\/wp-content\/uploads\/sites\/2\/2025\/03\/20547-724x1024.jpg 724w, https:\/\/id.letras.up.pt\/clup\/int\/wp-content\/uploads\/sites\/2\/2025\/03\/20547-212x300.jpg 212w, https:\/\/id.letras.up.pt\/clup\/int\/wp-content\/uploads\/sites\/2\/2025\/03\/20547-768x1086.jpg 768w, https:\/\/id.letras.up.pt\/clup\/int\/wp-content\/uploads\/sites\/2\/2025\/03\/20547-1086x1536.jpg 1086w, https:\/\/id.letras.up.pt\/clup\/int\/wp-content\/uploads\/sites\/2\/2025\/03\/20547-1448x2048.jpg 1448w, https:\/\/id.letras.up.pt\/clup\/int\/wp-content\/uploads\/sites\/2\/2025\/03\/20547-scaled.jpg 1810w\" sizes=\"(max-width: 724px) 100vw, 724px\" \/><\/a><\/figure>\n<\/div>\n\n\n\n<div class=\"wp-block-column is-vertically-aligned-center is-layout-flow wp-block-column-is-layout-flow\" style=\"flex-basis:66.66%\">\n<details class=\"wp-block-details is-layout-flow wp-block-details-is-layout-flow\" style=\"font-size:22px\"><summary>O ensino do alem\u00e3o como l\u00edngua estrangeira na Comunidade dos Pa\u00edses de L\u00edngua Portuguesa \u2013 do passado ao presente (2024)<\/summary>\n<p><\/p>\n\n\n\n<p style=\"font-size:22px\">Editors: Anett Kind, Simone Auf der Maur<\/p>\n<\/details>\n<\/div>\n<\/div>\n\n\n\n<div class=\"wp-block-columns is-layout-flex wp-container-core-columns-is-layout-5 wp-block-columns-is-layout-flex\">\n<div class=\"wp-block-column is-layout-flow wp-block-column-is-layout-flow\" style=\"flex-basis:33.33%\">\n<figure class=\"wp-block-image size-large\"><a href=\"https:\/\/ler.letras.up.pt\/site\/default.aspx?qry=id037id1983&amp;sum=sim&amp;n0=Edi\u00e7\u00f5es%20do%20CLUP%20&amp;n1=Desafios%20e%20Descobertas:%20perspe(c)tivas%20do%20Portugu\u00eas%20como%20l\u00edngua%20n\u00e3o%20materna\" target=\"_blank\" rel=\"noreferrer noopener\"><img loading=\"lazy\" decoding=\"async\" width=\"724\" height=\"1024\" src=\"https:\/\/id.letras.up.pt\/clup\/int\/wp-content\/uploads\/sites\/2\/2025\/03\/20457-724x1024.jpg\" alt=\"\" class=\"wp-image-3460\" srcset=\"https:\/\/id.letras.up.pt\/clup\/int\/wp-content\/uploads\/sites\/2\/2025\/03\/20457-724x1024.jpg 724w, https:\/\/id.letras.up.pt\/clup\/int\/wp-content\/uploads\/sites\/2\/2025\/03\/20457-212x300.jpg 212w, https:\/\/id.letras.up.pt\/clup\/int\/wp-content\/uploads\/sites\/2\/2025\/03\/20457-768x1086.jpg 768w, https:\/\/id.letras.up.pt\/clup\/int\/wp-content\/uploads\/sites\/2\/2025\/03\/20457-1086x1536.jpg 1086w, https:\/\/id.letras.up.pt\/clup\/int\/wp-content\/uploads\/sites\/2\/2025\/03\/20457-1448x2048.jpg 1448w, https:\/\/id.letras.up.pt\/clup\/int\/wp-content\/uploads\/sites\/2\/2025\/03\/20457-scaled.jpg 1810w\" sizes=\"(max-width: 724px) 100vw, 724px\" \/><\/a><\/figure>\n<\/div>\n\n\n\n<div class=\"wp-block-column is-vertically-aligned-center is-layout-flow wp-block-column-is-layout-flow\" style=\"flex-basis:66.66%\">\n<details class=\"wp-block-details is-layout-flow wp-block-details-is-layout-flow\" style=\"font-size:22px\"><summary>Desafios e Descobertas: perspe(c)tivas do Portugu\u00eas como l\u00edngua n\u00e3o materna (2024)<\/summary>\n<p><\/p>\n\n\n\n<p style=\"font-size:22px\">Editors: Vanessa Anachoreta, Andreia Catarina Vaz Warrot<\/p>\n<\/details>\n<\/div>\n<\/div>\n\n\n\n<div class=\"wp-block-columns is-layout-flex wp-container-core-columns-is-layout-6 wp-block-columns-is-layout-flex\">\n<div class=\"wp-block-column is-layout-flow wp-block-column-is-layout-flow\" style=\"flex-basis:33.33%\">\n<figure class=\"wp-block-image size-large\"><a href=\"https:\/\/ler.letras.up.pt\/site\/default.aspx?qry=id037id1882&amp;sum=sim&amp;n0=Edi\u00e7\u00f5es%20do%20CLUP%20&amp;n1=Ensinar%20Portugu\u00eas%20L\u00edngua%20de%20Heran\u00e7a%20como%20L\u00edngua%20Pluric\u00eantrica\" target=\"_blank\" rel=\"noreferrer noopener\"><img loading=\"lazy\" decoding=\"async\" width=\"791\" height=\"1024\" src=\"https:\/\/id.letras.up.pt\/clup\/int\/wp-content\/uploads\/sites\/2\/2025\/03\/19753-791x1024.jpg\" alt=\"\" class=\"wp-image-3462\" srcset=\"https:\/\/id.letras.up.pt\/clup\/int\/wp-content\/uploads\/sites\/2\/2025\/03\/19753-791x1024.jpg 791w, https:\/\/id.letras.up.pt\/clup\/int\/wp-content\/uploads\/sites\/2\/2025\/03\/19753-232x300.jpg 232w, https:\/\/id.letras.up.pt\/clup\/int\/wp-content\/uploads\/sites\/2\/2025\/03\/19753-768x994.jpg 768w, https:\/\/id.letras.up.pt\/clup\/int\/wp-content\/uploads\/sites\/2\/2025\/03\/19753-1187x1536.jpg 1187w, https:\/\/id.letras.up.pt\/clup\/int\/wp-content\/uploads\/sites\/2\/2025\/03\/19753-1583x2048.jpg 1583w, https:\/\/id.letras.up.pt\/clup\/int\/wp-content\/uploads\/sites\/2\/2025\/03\/19753-scaled.jpg 1978w\" sizes=\"(max-width: 791px) 100vw, 791px\" \/><\/a><\/figure>\n<\/div>\n\n\n\n<div class=\"wp-block-column is-vertically-aligned-center is-layout-flow wp-block-column-is-layout-flow\" style=\"flex-basis:66.66%\">\n<details class=\"wp-block-details is-layout-flow wp-block-details-is-layout-flow\" style=\"font-size:22px\"><summary>Ensinar Portugu\u00eas L\u00edngua de Heran\u00e7a como L\u00edngua Pluric\u00eantrica (2023)<\/summary>\n<p><\/p>\n\n\n\n<p style=\"font-size:22px\">Editors: Isabel Duarte, Maria de Lurdes Gon\u00e7alves, S\u00f3nia Rita Melo<\/p>\n<\/details>\n<\/div>\n<\/div>\n\n\n\n<div class=\"wp-block-columns is-layout-flex wp-container-core-columns-is-layout-7 wp-block-columns-is-layout-flex\">\n<div class=\"wp-block-column is-layout-flow wp-block-column-is-layout-flow\" style=\"flex-basis:33.33%\">\n<figure class=\"wp-block-image size-large\"><a href=\"https:\/\/ler.letras.up.pt\/site\/default.aspx?qry=id037id1862&amp;sum=sim&amp;n0=Edi\u00e7\u00f5es%20do%20CLUP%20&amp;n1=Atas%20do%20II%20Phonoshuttle%20OPO-LIS\" target=\"_blank\" rel=\"noreferrer noopener\"><img loading=\"lazy\" decoding=\"async\" width=\"725\" height=\"1024\" src=\"https:\/\/id.letras.up.pt\/clup\/int\/wp-content\/uploads\/sites\/2\/2025\/03\/19671-725x1024.jpg\" alt=\"\" class=\"wp-image-3463\" srcset=\"https:\/\/id.letras.up.pt\/clup\/int\/wp-content\/uploads\/sites\/2\/2025\/03\/19671-725x1024.jpg 725w, https:\/\/id.letras.up.pt\/clup\/int\/wp-content\/uploads\/sites\/2\/2025\/03\/19671-213x300.jpg 213w, https:\/\/id.letras.up.pt\/clup\/int\/wp-content\/uploads\/sites\/2\/2025\/03\/19671-768x1084.jpg 768w, https:\/\/id.letras.up.pt\/clup\/int\/wp-content\/uploads\/sites\/2\/2025\/03\/19671-1088x1536.jpg 1088w, https:\/\/id.letras.up.pt\/clup\/int\/wp-content\/uploads\/sites\/2\/2025\/03\/19671-1451x2048.jpg 1451w, https:\/\/id.letras.up.pt\/clup\/int\/wp-content\/uploads\/sites\/2\/2025\/03\/19671-scaled.jpg 1813w\" sizes=\"(max-width: 725px) 100vw, 725px\" \/><\/a><\/figure>\n<\/div>\n\n\n\n<div class=\"wp-block-column is-vertically-aligned-center is-layout-flow wp-block-column-is-layout-flow\" style=\"flex-basis:66.66%\">\n<details class=\"wp-block-details is-layout-flow wp-block-details-is-layout-flow\" style=\"font-size:22px\"><summary>Atas do II Phonoshuttle OPO-LIS (2023)<\/summary>\n<p><\/p>\n\n\n\n<p style=\"font-size:22px\">Editors: Clara Amorim, Chao Zhou<\/p>\n<\/details>\n<\/div>\n<\/div>\n\n\n\n<div class=\"wp-block-columns is-layout-flex wp-container-core-columns-is-layout-8 wp-block-columns-is-layout-flex\">\n<div class=\"wp-block-column is-layout-flow wp-block-column-is-layout-flow\" style=\"flex-basis:33.33%\">\n<figure class=\"wp-block-image size-large\"><a href=\"https:\/\/ler.letras.up.pt\/site\/default.aspx?qry=id037id1815&amp;sum=sim&amp;n0=Edi\u00e7\u00f5es%20do%20CLUP%20&amp;n1=Atas%20do%20I%20Phonoshuttle%20OPO-LIS\" target=\"_blank\" rel=\"noreferrer noopener\"><img loading=\"lazy\" decoding=\"async\" width=\"725\" height=\"1024\" src=\"https:\/\/id.letras.up.pt\/clup\/int\/wp-content\/uploads\/sites\/2\/2025\/03\/19206-725x1024.jpg\" alt=\"\" class=\"wp-image-3465\" srcset=\"https:\/\/id.letras.up.pt\/clup\/int\/wp-content\/uploads\/sites\/2\/2025\/03\/19206-725x1024.jpg 725w, https:\/\/id.letras.up.pt\/clup\/int\/wp-content\/uploads\/sites\/2\/2025\/03\/19206-213x300.jpg 213w, https:\/\/id.letras.up.pt\/clup\/int\/wp-content\/uploads\/sites\/2\/2025\/03\/19206-768x1084.jpg 768w, https:\/\/id.letras.up.pt\/clup\/int\/wp-content\/uploads\/sites\/2\/2025\/03\/19206-1088x1536.jpg 1088w, https:\/\/id.letras.up.pt\/clup\/int\/wp-content\/uploads\/sites\/2\/2025\/03\/19206-1451x2048.jpg 1451w, https:\/\/id.letras.up.pt\/clup\/int\/wp-content\/uploads\/sites\/2\/2025\/03\/19206-scaled.jpg 1813w\" sizes=\"(max-width: 725px) 100vw, 725px\" \/><\/a><\/figure>\n<\/div>\n\n\n\n<div class=\"wp-block-column is-vertically-aligned-center is-layout-flow wp-block-column-is-layout-flow\" style=\"flex-basis:66.66%\">\n<details class=\"wp-block-details is-layout-flow wp-block-details-is-layout-flow\" style=\"font-size:22px\"><summary>Atas do I Phonoshuttle OPO-LIS (2022)<\/summary>\n<p><\/p>\n\n\n\n<p style=\"font-size:22px\">Editors: Clara Amorim, Chao Zhou<\/p>\n<\/details>\n<\/div>\n<\/div>\n","protected":false},"excerpt":{"rendered":"","protected":false},"author":2,"featured_media":0,"parent":0,"menu_order":0,"comment_status":"closed","ping_status":"closed","template":"","meta":{"footnotes":""},"_links":{"self":[{"href":"https:\/\/id.letras.up.pt\/clup\/int\/index.php?rest_route=\/wp\/v2\/pages\/3382"}],"collection":[{"href":"https:\/\/id.letras.up.pt\/clup\/int\/index.php?rest_route=\/wp\/v2\/pages"}],"about":[{"href":"https:\/\/id.letras.up.pt\/clup\/int\/index.php?rest_route=\/wp\/v2\/types\/page"}],"author":[{"embeddable":true,"href":"https:\/\/id.letras.up.pt\/clup\/int\/index.php?rest_route=\/wp\/v2\/users\/2"}],"replies":[{"embeddable":true,"href":"https:\/\/id.letras.up.pt\/clup\/int\/index.php?rest_route=%2Fwp%2Fv2%2Fcomments&post=3382"}],"version-history":[{"count":11,"href":"https:\/\/id.letras.up.pt\/clup\/int\/index.php?rest_route=\/wp\/v2\/pages\/3382\/revisions"}],"predecessor-version":[{"id":3621,"href":"https:\/\/id.letras.up.pt\/clup\/int\/index.php?rest_route=\/wp\/v2\/pages\/3382\/revisions\/3621"}],"wp:attachment":[{"href":"https:\/\/id.letras.up.pt\/clup\/int\/index.php?rest_route=%2Fwp%2Fv2%2Fmedia&parent=3382"}],"curies":[{"name":"wp","href":"https:\/\/api.w.org\/{rel}","templated":true}]}}