{"id":421,"date":"2024-11-26T12:30:26","date_gmt":"2024-11-26T12:30:26","guid":{"rendered":"https:\/\/id.letras.up.pt\/encc2426\/?page_id=421"},"modified":"2025-05-08T10:58:14","modified_gmt":"2025-05-08T10:58:14","slug":"consultores-do-projeto","status":"publish","type":"page","link":"https:\/\/id.letras.up.pt\/encc2426\/consultores-do-projeto\/","title":{"rendered":"Consultores cient\u00edficos do projeto"},"content":{"rendered":"\n<div id=\"wp-block-themeisle-blocks-advanced-columns-857e990b\" class=\"wp-block-themeisle-blocks-advanced-columns alignfull has-1-columns has-desktop-equal-layout has-tablet-equal-layout has-mobile-equal-layout has-vertical-unset\"><div class=\"wp-block-themeisle-blocks-advanced-columns-overlay\"><\/div><div class=\"innerblocks-wrap\">\n<div id=\"wp-block-themeisle-blocks-advanced-column-3f55563b\" class=\"wp-block-themeisle-blocks-advanced-column\">\n<h1 id=\"wp-block-themeisle-blocks-advanced-heading-973d3206\" class=\"wp-block-themeisle-blocks-advanced-heading wp-block-themeisle-blocks-advanced-heading-973d3206\">Consultores Cient\u00edficos <br>do projeto<\/h1>\n<\/div>\n<\/div><\/div>\n\n\n\n<section id=\"#consultores-do-projeto\" class=\"wp-block-themeisle-blocks-advanced-columns alignfull has-1-columns has-desktop-equal-layout has-tablet-equal-layout has-mobile-equal-layout has-vertical-flex-start consultores-do-projeto has-light-bg\"><div class=\"wp-block-themeisle-blocks-advanced-columns-overlay\"><\/div><div class=\"innerblocks-wrap\">\n<div id=\"wp-block-themeisle-blocks-advanced-column-9df22226\" class=\"wp-block-themeisle-blocks-advanced-column\">\n<section id=\"wp-block-themeisle-blocks-advanced-columns-b56443a0\" class=\"wp-block-themeisle-blocks-advanced-columns has-3-columns has-desktop-equal-layout has-tablet-equal-layout has-mobile-collapsedRows-layout has-vertical-flex-start\"><div class=\"wp-block-themeisle-blocks-advanced-columns-overlay\"><\/div><div class=\"innerblocks-wrap\">\n<div id=\"wp-block-themeisle-blocks-advanced-column-1bb9ffb4\" class=\"wp-block-themeisle-blocks-advanced-column\">\n<h3 class=\"wp-block-heading has-text-align-left has-text-color has-link-color wp-elements-aaa8d53c291d81dbb4b27f6bbee09bcc\" style=\"color:#080808;margin-top:0px\">Maria del Carmen Filigrana<\/h3>\n\n\n\n<p class=\"has-text-align-left has-text-color has-link-color wp-elements-38ee8e47be178ea6d4697685bd5ba4b9\" style=\"color:#080808\">\u00c9 psic\u00f3loga, de origem cigana e Vice-Presidente da Associa\u00e7\u00e3o de Mulheres Ciganas Universit\u00e1rias da Andaluzia (AMURADI), \u00e9 coordenadora da \u00e1rea de Educa\u00e7\u00e3o e G\u00e9nero da FAKALI (Federa\u00e7\u00e3o das Associa\u00e7\u00f5es de Mulheres Ciganas da Andaluzia) e AMURADI. \u00c9 ainda membro do Conselho de Estado do Povo Cigano da Espanha (Governo da Espanha) e do Conselho Andaluz do Povo Cigano.<\/p>\n<\/div>\n\n\n\n<div id=\"wp-block-themeisle-blocks-advanced-column-e0a218d6\" class=\"wp-block-themeisle-blocks-advanced-column\">\n<h3 class=\"wp-block-heading has-text-align-left has-text-color has-link-color wp-elements-f4e59349f730ff733fd8f87d119fd3d7\" style=\"color:#080808;margin-top:0px\">Ismael <br>Cortez<\/h3>\n\n\n\n<p class=\"has-text-align-left has-text-color has-link-color wp-elements-6bf5a6ae5e68784b49817a2f14f073c2\" style=\"color:#080808\">\u00c9 de origem cigana e combina uma carreira acad\u00e9mica com experi\u00eancia pr\u00e1tica no seu pa\u00eds de origem e em organiza\u00e7\u00f5es multilaterais. Trabalhou como analista de pol\u00edticas para grupos de reflex\u00e3o sediados em Bruxelas, como o Open Society European Policy Institute e o Centre for European Policy Studies. Foi consultor do projeto &#8220;Transformar as palavras em a\u00e7\u00e3o&#8221;, que visa a forma\u00e7\u00e3o de coliga\u00e7\u00f5es para a toler\u00e2ncia e a n\u00e3o discrimina\u00e7\u00e3o (OSCE-ODIHR).<\/p>\n<\/div>\n\n\n\n<div id=\"wp-block-themeisle-blocks-advanced-column-c1c7a0fc\" class=\"wp-block-themeisle-blocks-advanced-column\">\n<h3 class=\"wp-block-heading has-text-align-left has-text-color has-link-color wp-elements-d2b1b97104f00e446dfbb97fa55e8d79\" style=\"color:#080808;margin-top:0px\">Rog\u00e9rio <br>Roque Amaro<\/h3>\n\n\n\n<p class=\"has-text-align-left has-text-color has-link-color wp-elements-730d1c94e548f194f6d4ab9659628501\" style=\"color:#080808\">Coordenador da P\u00f3s-Gradua\u00e7\u00e3o e Mestrado em Economia Social e Solid\u00e1ria do ISCTE. Tem sido consultor do Programa das Na\u00e7\u00f5es Unidas para o Desenvolvimento, na OIT, em \u00e1reas de desenvolvimento da economia social e formador de v\u00e1rios projetos de Desenvolvimento Local de combate \u00e0 Pobreza e \u00e0 Exclus\u00e3o Social em Portugal e nos PALOP. \u00c9 tamb\u00e9m Presidente da PROACT &#8211; Unidade de Investiga\u00e7\u00e3o de Apoio T\u00e9cnico ao Desenvolvimento Local, Valoriza\u00e7\u00e3o do Ambiente e Combate \u00e0 Exclus\u00e3o Social.<\/p>\n<\/div>\n<\/div><\/section>\n<\/div>\n<\/div><\/section>\n","protected":false},"excerpt":{"rendered":"","protected":false},"author":1,"featured_media":0,"parent":0,"menu_order":0,"comment_status":"closed","ping_status":"closed","template":"page-templates\/template-pagebuilder-full-width.php","meta":{"neve_meta_sidebar":"full-width","neve_meta_container":"contained","neve_meta_enable_content_width":"on","neve_meta_content_width":100,"neve_meta_title_alignment":"","neve_meta_author_avatar":"","neve_post_elements_order":"","neve_meta_disable_header":"","neve_meta_disable_footer":"","neve_meta_disable_title":"","_themeisle_gutenberg_block_has_review":false,"_ti_tpc_template_sync":false,"_ti_tpc_template_id":"jnlaacsysoowkg8s0u8e","footnotes":""},"class_list":["post-421","page","type-page","status-publish","hentry"],"_links":{"self":[{"href":"https:\/\/id.letras.up.pt\/encc2426\/wp-json\/wp\/v2\/pages\/421","targetHints":{"allow":["GET"]}}],"collection":[{"href":"https:\/\/id.letras.up.pt\/encc2426\/wp-json\/wp\/v2\/pages"}],"about":[{"href":"https:\/\/id.letras.up.pt\/encc2426\/wp-json\/wp\/v2\/types\/page"}],"author":[{"embeddable":true,"href":"https:\/\/id.letras.up.pt\/encc2426\/wp-json\/wp\/v2\/users\/1"}],"replies":[{"embeddable":true,"href":"https:\/\/id.letras.up.pt\/encc2426\/wp-json\/wp\/v2\/comments?post=421"}],"version-history":[{"count":13,"href":"https:\/\/id.letras.up.pt\/encc2426\/wp-json\/wp\/v2\/pages\/421\/revisions"}],"predecessor-version":[{"id":835,"href":"https:\/\/id.letras.up.pt\/encc2426\/wp-json\/wp\/v2\/pages\/421\/revisions\/835"}],"wp:attachment":[{"href":"https:\/\/id.letras.up.pt\/encc2426\/wp-json\/wp\/v2\/media?parent=421"}],"curies":[{"name":"wp","href":"https:\/\/api.w.org\/{rel}","templated":true}]}}