{"id":133,"date":"2022-11-10T09:26:24","date_gmt":"2022-11-10T09:26:24","guid":{"rendered":"http:\/\/id.letras.up.pt\/hlabacp\/?page_id=133"},"modified":"2022-11-10T09:30:15","modified_gmt":"2022-11-10T09:30:15","slug":"impressora-3d","status":"publish","type":"page","link":"https:\/\/id.letras.up.pt\/hlabacp\/index.php\/equipamento\/impressora-3d\/","title":{"rendered":"Impressora 3D"},"content":{"rendered":"\n<p>O Humanities Lab possui uma impressora e scanner 3D apta para pequenos trabalhos.<\/p>\n\n\n\n<p>Recomendamos uma pesquisa no reposit\u00f3rio <a href=\"https:\/\/www.myminifactory.com\/\">Mini Factory<\/a> onde pode encontrar v\u00e1rios modelos para transfer\u00eancia.<\/p>\n\n\n\n<figure class=\"wp-block-embed is-type-video is-provider-youtube wp-block-embed-youtube wp-embed-aspect-16-9 wp-has-aspect-ratio\"><div class=\"wp-block-embed__wrapper\">\n<iframe loading=\"lazy\" title=\"Impress\u00e3o 3D\" width=\"640\" height=\"360\" src=\"https:\/\/www.youtube.com\/embed\/ThwjnVB_nfQ?feature=oembed\" frameborder=\"0\" allow=\"accelerometer; autoplay; clipboard-write; encrypted-media; gyroscope; picture-in-picture; web-share\" referrerpolicy=\"strict-origin-when-cross-origin\" allowfullscreen><\/iframe>\n<\/div><\/figure>\n\n\n\n<p>Impress\u00e3o de ponta de seta oriunda da esta\u00e7\u00e3o arqueol\u00f3gica de Hardaway, Carolina do Norte, Estados Unidos da Am\u00e9rica. Ficheiro original dispon\u00edvel em <a href=\"https:\/\/www.myminifactory.com\/object\/3d-print-kirk-corner-notched-point-76192\">https:\/\/www.myminifactory.com\/object\/3d-print-kirk-corner-notched-point-76192<\/a>.<\/p>\n","protected":false},"excerpt":{"rendered":"<p>O Humanities Lab possui uma impressora e scanner 3D apta para pequenos trabalhos. Recomendamos uma pesquisa no reposit\u00f3rio Mini Factory onde pode encontrar v\u00e1rios modelos<\/p>\n","protected":false},"author":1,"featured_media":0,"parent":18,"menu_order":3,"comment_status":"closed","ping_status":"closed","template":"","meta":{"footnotes":""},"class_list":["post-133","page","type-page","status-publish","hentry"],"jetpack_sharing_enabled":true,"_links":{"self":[{"href":"https:\/\/id.letras.up.pt\/hlabacp\/index.php\/wp-json\/wp\/v2\/pages\/133","targetHints":{"allow":["GET"]}}],"collection":[{"href":"https:\/\/id.letras.up.pt\/hlabacp\/index.php\/wp-json\/wp\/v2\/pages"}],"about":[{"href":"https:\/\/id.letras.up.pt\/hlabacp\/index.php\/wp-json\/wp\/v2\/types\/page"}],"author":[{"embeddable":true,"href":"https:\/\/id.letras.up.pt\/hlabacp\/index.php\/wp-json\/wp\/v2\/users\/1"}],"replies":[{"embeddable":true,"href":"https:\/\/id.letras.up.pt\/hlabacp\/index.php\/wp-json\/wp\/v2\/comments?post=133"}],"version-history":[{"count":2,"href":"https:\/\/id.letras.up.pt\/hlabacp\/index.php\/wp-json\/wp\/v2\/pages\/133\/revisions"}],"predecessor-version":[{"id":714,"href":"https:\/\/id.letras.up.pt\/hlabacp\/index.php\/wp-json\/wp\/v2\/pages\/133\/revisions\/714"}],"up":[{"embeddable":true,"href":"https:\/\/id.letras.up.pt\/hlabacp\/index.php\/wp-json\/wp\/v2\/pages\/18"}],"wp:attachment":[{"href":"https:\/\/id.letras.up.pt\/hlabacp\/index.php\/wp-json\/wp\/v2\/media?parent=133"}],"curies":[{"name":"wp","href":"https:\/\/api.w.org\/{rel}","templated":true}]}}