{"id":379,"date":"2024-02-13T15:16:51","date_gmt":"2024-02-13T15:16:51","guid":{"rendered":"http:\/\/id.letras.up.pt\/hlabacp\/?page_id=379"},"modified":"2024-02-14T15:25:24","modified_gmt":"2024-02-14T15:25:24","slug":"estudios-de-tv","status":"publish","type":"page","link":"https:\/\/id.letras.up.pt\/hlabacp\/index.php\/espacos-acp\/estudios-de-tv\/","title":{"rendered":"Est\u00fadios de TV"},"content":{"rendered":"\n<p>O Humanities Lab disp\u00f5e de um est\u00fadio de TV equipado com:<\/p>\n\n\n\n<p>C\u00e2mara de Canon XF605<br>Sistema Telestream WCG3-4K-SDI620<br>TV SONY 4k Bravia<br>Monitor EIZO CS2410 Monitor LCD 24<br>Intercom Hollyland SYSCOM 1000T-4B<br>Litepanels 935-5021 Astra Soft Bi-Color<br>Litepanels 906-4024 Sola 4 Daylight Fresnel<br>Monitores audio Yamaha HS5 Active 2 Way<br>Microfone de M\u00e3o Sennheiser<br>Microfones de Lapela Sennheiser<br>Mesa de som Soundcraft EPM6<\/p>\n\n\n\n<figure class=\"wp-block-gallery has-nested-images columns-default is-cropped wp-block-gallery-1 is-layout-flex wp-block-gallery-is-layout-flex\">\n<figure class=\"wp-block-image size-large\"><img loading=\"lazy\" decoding=\"async\" width=\"1024\" height=\"683\" data-id=\"385\" src=\"http:\/\/id.letras.up.pt\/hlabacp\/wp-content\/uploads\/2024\/02\/DSC03025-1024x683.jpg\" alt=\"\" class=\"wp-image-385\" srcset=\"https:\/\/id.letras.up.pt\/hlabacp\/wp-content\/uploads\/2024\/02\/DSC03025-1024x683.jpg 1024w, https:\/\/id.letras.up.pt\/hlabacp\/wp-content\/uploads\/2024\/02\/DSC03025-300x200.jpg 300w, https:\/\/id.letras.up.pt\/hlabacp\/wp-content\/uploads\/2024\/02\/DSC03025-768x512.jpg 768w, https:\/\/id.letras.up.pt\/hlabacp\/wp-content\/uploads\/2024\/02\/DSC03025-1536x1024.jpg 1536w, https:\/\/id.letras.up.pt\/hlabacp\/wp-content\/uploads\/2024\/02\/DSC03025-2048x1365.jpg 2048w\" sizes=\"auto, (max-width: 1024px) 100vw, 1024px\" \/><\/figure>\n\n\n\n<figure class=\"wp-block-image size-large\"><img loading=\"lazy\" decoding=\"async\" width=\"1024\" height=\"683\" data-id=\"381\" src=\"http:\/\/id.letras.up.pt\/hlabacp\/wp-content\/uploads\/2024\/02\/DSC03032-1024x683.jpg\" alt=\"\" class=\"wp-image-381\" srcset=\"https:\/\/id.letras.up.pt\/hlabacp\/wp-content\/uploads\/2024\/02\/DSC03032-1024x683.jpg 1024w, https:\/\/id.letras.up.pt\/hlabacp\/wp-content\/uploads\/2024\/02\/DSC03032-300x200.jpg 300w, https:\/\/id.letras.up.pt\/hlabacp\/wp-content\/uploads\/2024\/02\/DSC03032-768x512.jpg 768w, https:\/\/id.letras.up.pt\/hlabacp\/wp-content\/uploads\/2024\/02\/DSC03032-1536x1024.jpg 1536w, https:\/\/id.letras.up.pt\/hlabacp\/wp-content\/uploads\/2024\/02\/DSC03032-2048x1365.jpg 2048w\" sizes=\"auto, (max-width: 1024px) 100vw, 1024px\" \/><\/figure>\n\n\n\n<figure class=\"wp-block-image size-large\"><img loading=\"lazy\" decoding=\"async\" width=\"1024\" height=\"683\" data-id=\"380\" src=\"http:\/\/id.letras.up.pt\/hlabacp\/wp-content\/uploads\/2024\/02\/DSC03034-1024x683.jpg\" alt=\"\" class=\"wp-image-380\" srcset=\"https:\/\/id.letras.up.pt\/hlabacp\/wp-content\/uploads\/2024\/02\/DSC03034-1024x683.jpg 1024w, https:\/\/id.letras.up.pt\/hlabacp\/wp-content\/uploads\/2024\/02\/DSC03034-300x200.jpg 300w, https:\/\/id.letras.up.pt\/hlabacp\/wp-content\/uploads\/2024\/02\/DSC03034-768x512.jpg 768w, https:\/\/id.letras.up.pt\/hlabacp\/wp-content\/uploads\/2024\/02\/DSC03034-1536x1024.jpg 1536w, https:\/\/id.letras.up.pt\/hlabacp\/wp-content\/uploads\/2024\/02\/DSC03034-2048x1365.jpg 2048w\" sizes=\"auto, (max-width: 1024px) 100vw, 1024px\" \/><\/figure>\n\n\n\n<figure class=\"wp-block-image size-large\"><img loading=\"lazy\" decoding=\"async\" width=\"1024\" height=\"683\" data-id=\"382\" src=\"http:\/\/id.letras.up.pt\/hlabacp\/wp-content\/uploads\/2024\/02\/DSC03036-1024x683.jpg\" alt=\"\" class=\"wp-image-382\" srcset=\"https:\/\/id.letras.up.pt\/hlabacp\/wp-content\/uploads\/2024\/02\/DSC03036-1024x683.jpg 1024w, https:\/\/id.letras.up.pt\/hlabacp\/wp-content\/uploads\/2024\/02\/DSC03036-300x200.jpg 300w, https:\/\/id.letras.up.pt\/hlabacp\/wp-content\/uploads\/2024\/02\/DSC03036-768x512.jpg 768w, https:\/\/id.letras.up.pt\/hlabacp\/wp-content\/uploads\/2024\/02\/DSC03036-1536x1024.jpg 1536w, https:\/\/id.letras.up.pt\/hlabacp\/wp-content\/uploads\/2024\/02\/DSC03036-2048x1365.jpg 2048w\" sizes=\"auto, (max-width: 1024px) 100vw, 1024px\" \/><\/figure>\n\n\n\n<figure class=\"wp-block-image size-large\"><img loading=\"lazy\" decoding=\"async\" width=\"1024\" height=\"683\" data-id=\"383\" src=\"http:\/\/id.letras.up.pt\/hlabacp\/wp-content\/uploads\/2024\/02\/DSC03040-1024x683.jpg\" alt=\"\" class=\"wp-image-383\" srcset=\"https:\/\/id.letras.up.pt\/hlabacp\/wp-content\/uploads\/2024\/02\/DSC03040-1024x683.jpg 1024w, https:\/\/id.letras.up.pt\/hlabacp\/wp-content\/uploads\/2024\/02\/DSC03040-300x200.jpg 300w, https:\/\/id.letras.up.pt\/hlabacp\/wp-content\/uploads\/2024\/02\/DSC03040-768x512.jpg 768w, https:\/\/id.letras.up.pt\/hlabacp\/wp-content\/uploads\/2024\/02\/DSC03040-1536x1024.jpg 1536w, https:\/\/id.letras.up.pt\/hlabacp\/wp-content\/uploads\/2024\/02\/DSC03040-2048x1365.jpg 2048w\" sizes=\"auto, (max-width: 1024px) 100vw, 1024px\" \/><\/figure>\n\n\n\n<figure class=\"wp-block-image size-large\"><img loading=\"lazy\" decoding=\"async\" width=\"1024\" height=\"683\" data-id=\"387\" src=\"http:\/\/id.letras.up.pt\/hlabacp\/wp-content\/uploads\/2024\/02\/DSC03041-1024x683.jpg\" alt=\"\" class=\"wp-image-387\" srcset=\"https:\/\/id.letras.up.pt\/hlabacp\/wp-content\/uploads\/2024\/02\/DSC03041-1024x683.jpg 1024w, https:\/\/id.letras.up.pt\/hlabacp\/wp-content\/uploads\/2024\/02\/DSC03041-300x200.jpg 300w, https:\/\/id.letras.up.pt\/hlabacp\/wp-content\/uploads\/2024\/02\/DSC03041-768x512.jpg 768w, https:\/\/id.letras.up.pt\/hlabacp\/wp-content\/uploads\/2024\/02\/DSC03041-1536x1024.jpg 1536w, https:\/\/id.letras.up.pt\/hlabacp\/wp-content\/uploads\/2024\/02\/DSC03041-2048x1365.jpg 2048w\" sizes=\"auto, (max-width: 1024px) 100vw, 1024px\" \/><\/figure>\n\n\n\n<figure class=\"wp-block-image size-large\"><img loading=\"lazy\" decoding=\"async\" width=\"1024\" height=\"683\" data-id=\"388\" src=\"http:\/\/id.letras.up.pt\/hlabacp\/wp-content\/uploads\/2024\/02\/DSC03051-1024x683.jpg\" alt=\"\" class=\"wp-image-388\" srcset=\"https:\/\/id.letras.up.pt\/hlabacp\/wp-content\/uploads\/2024\/02\/DSC03051-1024x683.jpg 1024w, https:\/\/id.letras.up.pt\/hlabacp\/wp-content\/uploads\/2024\/02\/DSC03051-300x200.jpg 300w, https:\/\/id.letras.up.pt\/hlabacp\/wp-content\/uploads\/2024\/02\/DSC03051-768x512.jpg 768w, https:\/\/id.letras.up.pt\/hlabacp\/wp-content\/uploads\/2024\/02\/DSC03051-1536x1024.jpg 1536w, https:\/\/id.letras.up.pt\/hlabacp\/wp-content\/uploads\/2024\/02\/DSC03051-2048x1365.jpg 2048w\" sizes=\"auto, (max-width: 1024px) 100vw, 1024px\" \/><\/figure>\n\n\n\n<figure class=\"wp-block-image size-large\"><img loading=\"lazy\" decoding=\"async\" width=\"1024\" height=\"683\" data-id=\"384\" src=\"http:\/\/id.letras.up.pt\/hlabacp\/wp-content\/uploads\/2024\/02\/DSC03055-1024x683.jpg\" alt=\"\" class=\"wp-image-384\" srcset=\"https:\/\/id.letras.up.pt\/hlabacp\/wp-content\/uploads\/2024\/02\/DSC03055-1024x683.jpg 1024w, https:\/\/id.letras.up.pt\/hlabacp\/wp-content\/uploads\/2024\/02\/DSC03055-300x200.jpg 300w, https:\/\/id.letras.up.pt\/hlabacp\/wp-content\/uploads\/2024\/02\/DSC03055-768x512.jpg 768w, https:\/\/id.letras.up.pt\/hlabacp\/wp-content\/uploads\/2024\/02\/DSC03055-1536x1024.jpg 1536w, https:\/\/id.letras.up.pt\/hlabacp\/wp-content\/uploads\/2024\/02\/DSC03055-2048x1365.jpg 2048w\" sizes=\"auto, (max-width: 1024px) 100vw, 1024px\" \/><\/figure>\n<\/figure>\n\n\n\n<p><\/p>\n","protected":false},"excerpt":{"rendered":"<p>O Humanities Lab disp\u00f5e de um est\u00fadio de TV equipado com: C\u00e2mara de Canon XF605Sistema Telestream WCG3-4K-SDI620TV SONY 4k BraviaMonitor EIZO CS2410 Monitor LCD 24Intercom<\/p>\n","protected":false},"author":1,"featured_media":0,"parent":20,"menu_order":4,"comment_status":"closed","ping_status":"closed","template":"","meta":{"footnotes":""},"class_list":["post-379","page","type-page","status-publish","hentry"],"jetpack_sharing_enabled":true,"_links":{"self":[{"href":"https:\/\/id.letras.up.pt\/hlabacp\/index.php\/wp-json\/wp\/v2\/pages\/379","targetHints":{"allow":["GET"]}}],"collection":[{"href":"https:\/\/id.letras.up.pt\/hlabacp\/index.php\/wp-json\/wp\/v2\/pages"}],"about":[{"href":"https:\/\/id.letras.up.pt\/hlabacp\/index.php\/wp-json\/wp\/v2\/types\/page"}],"author":[{"embeddable":true,"href":"https:\/\/id.letras.up.pt\/hlabacp\/index.php\/wp-json\/wp\/v2\/users\/1"}],"replies":[{"embeddable":true,"href":"https:\/\/id.letras.up.pt\/hlabacp\/index.php\/wp-json\/wp\/v2\/comments?post=379"}],"version-history":[{"count":2,"href":"https:\/\/id.letras.up.pt\/hlabacp\/index.php\/wp-json\/wp\/v2\/pages\/379\/revisions"}],"predecessor-version":[{"id":389,"href":"https:\/\/id.letras.up.pt\/hlabacp\/index.php\/wp-json\/wp\/v2\/pages\/379\/revisions\/389"}],"up":[{"embeddable":true,"href":"https:\/\/id.letras.up.pt\/hlabacp\/index.php\/wp-json\/wp\/v2\/pages\/20"}],"wp:attachment":[{"href":"https:\/\/id.letras.up.pt\/hlabacp\/index.php\/wp-json\/wp\/v2\/media?parent=379"}],"curies":[{"name":"wp","href":"https:\/\/api.w.org\/{rel}","templated":true}]}}