{"id":638,"date":"2022-10-18T22:03:14","date_gmt":"2022-10-18T22:03:14","guid":{"rendered":"http:\/\/id.letras.up.pt\/labescuta\/?page_id=638"},"modified":"2022-10-19T09:48:45","modified_gmt":"2022-10-19T09:48:45","slug":"listening-point-es","status":"publish","type":"page","link":"https:\/\/id.letras.up.pt\/labescuta\/?page_id=638","title":{"rendered":"Listening Point ES"},"content":{"rendered":"\t\t<div data-elementor-type=\"wp-page\" data-elementor-id=\"638\" class=\"elementor elementor-638\">\n\t\t\t\t\t\t\t\t\t<section class=\"elementor-section elementor-top-section elementor-element elementor-element-2eb51e75 elementor-section-boxed elementor-section-height-default elementor-section-height-default\" data-id=\"2eb51e75\" data-element_type=\"section\">\n\t\t\t\t\t\t<div class=\"elementor-container elementor-column-gap-default\">\n\t\t\t\t\t<div class=\"elementor-column elementor-col-33 elementor-top-column elementor-element elementor-element-4127dec4\" data-id=\"4127dec4\" data-element_type=\"column\">\n\t\t\t<div class=\"elementor-widget-wrap\">\n\t\t\t\t\t\t\t\t\t<\/div>\n\t\t<\/div>\n\t\t\t\t<div class=\"elementor-column elementor-col-33 elementor-top-column elementor-element elementor-element-5a447574\" data-id=\"5a447574\" data-element_type=\"column\">\n\t\t\t<div class=\"elementor-widget-wrap elementor-element-populated\">\n\t\t\t\t\t\t\t\t<div class=\"elementor-element elementor-element-1ccd9c03 elementor-widget elementor-widget-image\" data-id=\"1ccd9c03\" data-element_type=\"widget\" data-widget_type=\"image.default\">\n\t\t\t\t<div class=\"elementor-widget-container\">\n\t\t\t<style>\/*! elementor - v3.7.8 - 02-10-2022 *\/\n.elementor-widget-image{text-align:center}.elementor-widget-image a{display:inline-block}.elementor-widget-image a img[src$=\".svg\"]{width:48px}.elementor-widget-image img{vertical-align:middle;display:inline-block}<\/style>\t\t\t\t\t\t\t\t\t\t\t\t\t<a href=\"http:\/\/id.letras.up.pt\/labescuta\/?page_id=576\">\n\t\t\t\t\t\t\t<img width=\"772\" height=\"490\" src=\"https:\/\/id.letras.up.pt\/labescuta\/wp-content\/uploads\/2022\/10\/Artboard1_pt.png\" class=\"attachment-full size-full\" alt=\"\" loading=\"lazy\" srcset=\"https:\/\/id.letras.up.pt\/labescuta\/wp-content\/uploads\/2022\/10\/Artboard1_pt.png 772w, https:\/\/id.letras.up.pt\/labescuta\/wp-content\/uploads\/2022\/10\/Artboard1_pt-300x190.png 300w, https:\/\/id.letras.up.pt\/labescuta\/wp-content\/uploads\/2022\/10\/Artboard1_pt-768x487.png 768w\" sizes=\"(max-width: 772px) 100vw, 772px\" \/>\t\t\t\t\t\t\t\t<\/a>\n\t\t\t\t\t\t\t\t\t\t\t\t\t\t\t<\/div>\n\t\t\t\t<\/div>\n\t\t\t\t\t<\/div>\n\t\t<\/div>\n\t\t\t\t<div class=\"elementor-column elementor-col-33 elementor-top-column elementor-element elementor-element-2ade50b5\" data-id=\"2ade50b5\" data-element_type=\"column\">\n\t\t\t<div class=\"elementor-widget-wrap\">\n\t\t\t\t\t\t\t\t\t<\/div>\n\t\t<\/div>\n\t\t\t\t\t\t\t<\/div>\n\t\t<\/section>\n\t\t\t\t<section class=\"elementor-section elementor-top-section elementor-element elementor-element-64809419 elementor-section-boxed elementor-section-height-default elementor-section-height-default\" data-id=\"64809419\" data-element_type=\"section\">\n\t\t\t\t\t\t<div class=\"elementor-container elementor-column-gap-default\">\n\t\t\t\t\t<div class=\"elementor-column elementor-col-33 elementor-top-column elementor-element elementor-element-1c6aa769\" data-id=\"1c6aa769\" data-element_type=\"column\">\n\t\t\t<div class=\"elementor-widget-wrap\">\n\t\t\t\t\t\t\t\t\t<\/div>\n\t\t<\/div>\n\t\t\t\t<div class=\"elementor-column elementor-col-33 elementor-top-column elementor-element elementor-element-321c1f52\" data-id=\"321c1f52\" data-element_type=\"column\">\n\t\t\t<div class=\"elementor-widget-wrap elementor-element-populated\">\n\t\t\t\t\t\t\t\t<div class=\"elementor-element elementor-element-34e8501f elementor-widget elementor-widget-spacer\" data-id=\"34e8501f\" data-element_type=\"widget\" data-widget_type=\"spacer.default\">\n\t\t\t\t<div class=\"elementor-widget-container\">\n\t\t\t<style>\/*! elementor - v3.7.8 - 02-10-2022 *\/\n.elementor-column .elementor-spacer-inner{height:var(--spacer-size)}.e-container{--container-widget-width:100%}.e-container>.elementor-widget-spacer{width:var(--container-widget-width,var(--spacer-size));-ms-flex-item-align:stretch;align-self:stretch;-ms-flex-negative:0;flex-shrink:0}.e-container>.elementor-widget-spacer>.elementor-widget-container,.e-container>.elementor-widget-spacer>.elementor-widget-container>.elementor-spacer{height:100%}.e-container>.elementor-widget-spacer>.elementor-widget-container>.elementor-spacer>.elementor-spacer-inner{height:var(--container-widget-height,var(--spacer-size))}<\/style>\t\t<div class=\"elementor-spacer\">\n\t\t\t<div class=\"elementor-spacer-inner\"><\/div>\n\t\t<\/div>\n\t\t\t\t<\/div>\n\t\t\t\t<\/div>\n\t\t\t\t<div class=\"elementor-element elementor-element-5c529b4b elementor-widget elementor-widget-heading\" data-id=\"5c529b4b\" data-element_type=\"widget\" data-widget_type=\"heading.default\">\n\t\t\t\t<div class=\"elementor-widget-container\">\n\t\t\t<style>\/*! elementor - v3.7.8 - 02-10-2022 *\/\n.elementor-heading-title{padding:0;margin:0;line-height:1}.elementor-widget-heading .elementor-heading-title[class*=elementor-size-]>a{color:inherit;font-size:inherit;line-height:inherit}.elementor-widget-heading .elementor-heading-title.elementor-size-small{font-size:15px}.elementor-widget-heading .elementor-heading-title.elementor-size-medium{font-size:19px}.elementor-widget-heading .elementor-heading-title.elementor-size-large{font-size:29px}.elementor-widget-heading .elementor-heading-title.elementor-size-xl{font-size:39px}.elementor-widget-heading .elementor-heading-title.elementor-size-xxl{font-size:59px}<\/style><h2 class=\"elementor-heading-title elementor-size-default\">PUNTO DE ESCUCHA<\/h2>\t\t<\/div>\n\t\t\t\t<\/div>\n\t\t\t\t<div class=\"elementor-element elementor-element-518fc5e2 elementor-widget elementor-widget-text-editor\" data-id=\"518fc5e2\" data-element_type=\"widget\" data-widget_type=\"text-editor.default\">\n\t\t\t\t<div class=\"elementor-widget-container\">\n\t\t\t<style>\/*! elementor - v3.7.8 - 02-10-2022 *\/\n.elementor-widget-text-editor.elementor-drop-cap-view-stacked .elementor-drop-cap{background-color:#818a91;color:#fff}.elementor-widget-text-editor.elementor-drop-cap-view-framed .elementor-drop-cap{color:#818a91;border:3px solid;background-color:transparent}.elementor-widget-text-editor:not(.elementor-drop-cap-view-default) .elementor-drop-cap{margin-top:8px}.elementor-widget-text-editor:not(.elementor-drop-cap-view-default) .elementor-drop-cap-letter{width:1em;height:1em}.elementor-widget-text-editor .elementor-drop-cap{float:left;text-align:center;line-height:1;font-size:50px}.elementor-widget-text-editor .elementor-drop-cap-letter{display:inline-block}<\/style>\t\t\t\t<p>El Laboratorio de Escucha fue creado por investigadores del CITCEM y del ID+, de la Universidad de Oporto y de la Universidad de Aveiro (Portugal), en colaboraci\u00f3n con el proyecto EPITEC2 &#8220;Patrimonios controversiales para la formaci\u00f3n ecosocial de la ciudadan\u00eda&#8221;. Una investigaci\u00f3n de educaci\u00f3n patrimonial en la ense\u00f1anza reglada-EPITEC2&#8243; (PID2020-116662GB-I00) financiado por el Ministerio de Ciencia e Innovaci\u00f3n, Espa\u00f1a. Se trata de un proyecto exploratorio que busca entender c\u00f3mo se percibe y experimenta el museo por parte de los participantes, creando espacios de conversaci\u00f3n entre los p\u00fablicos, los profesionales de los museos y las universidades para explorar y compartir ideas, herramientas y t\u00e1cticas que promuevan la reflexi\u00f3n y apoyen el cambio estrat\u00e9gico en los museos.\u00a0<\/p><p>Le agradecemos su valiosa participaci\u00f3n y le pedimos su consentimiento para utilizar los datos recogidos durante la Instalaci\u00f3n en este Congreso del CIEP, u otros datos recogidos posteriormente relacionados con el mismo, con fines de investigaci\u00f3n y difusi\u00f3n de sus resultados.<\/p><p>Durante la instalaci\u00f3n, se utilizar\u00e1n diferentes t\u00e9cnicas de recogida de datos para obtener sus opiniones sobre diferentes temas. La recogida de datos se realiza los d\u00edas 19, 20 y 21 de octubre de 2022, en el espacio designado por el CIEP para ello, y posteriormente en la fecha y lugar que se acuerde con cada uno.<\/p>\t\t\t\t\t\t<\/div>\n\t\t\t\t<\/div>\n\t\t\t\t<div class=\"elementor-element elementor-element-32d4d76b elementor-align-center elementor-widget elementor-widget-button\" data-id=\"32d4d76b\" data-element_type=\"widget\" data-widget_type=\"button.default\">\n\t\t\t\t<div class=\"elementor-widget-container\">\n\t\t\t\t\t<div class=\"elementor-button-wrapper\">\n\t\t\t<a href=\"http:\/\/id.letras.up.pt\/labescuta\/?page_id=650\" class=\"elementor-button-link elementor-button elementor-size-sm\" role=\"button\">\n\t\t\t\t\t\t<span class=\"elementor-button-content-wrapper\">\n\t\t\t\t\t\t\t<span class=\"elementor-button-icon elementor-align-icon-left\">\n\t\t\t\t<i aria-hidden=\"true\" class=\"far fa-edit\"><\/i>\t\t\t<\/span>\n\t\t\t\t\t\t<span class=\"elementor-button-text\">Entra<\/span>\n\t\t<\/span>\n\t\t\t\t\t<\/a>\n\t\t<\/div>\n\t\t\t\t<\/div>\n\t\t\t\t<\/div>\n\t\t\t\t<div class=\"elementor-element elementor-element-239c886f elementor-widget elementor-widget-spacer\" data-id=\"239c886f\" data-element_type=\"widget\" data-widget_type=\"spacer.default\">\n\t\t\t\t<div class=\"elementor-widget-container\">\n\t\t\t\t\t<div class=\"elementor-spacer\">\n\t\t\t<div class=\"elementor-spacer-inner\"><\/div>\n\t\t<\/div>\n\t\t\t\t<\/div>\n\t\t\t\t<\/div>\n\t\t\t\t\t<\/div>\n\t\t<\/div>\n\t\t\t\t<div class=\"elementor-column elementor-col-33 elementor-top-column elementor-element elementor-element-32e2b13e\" data-id=\"32e2b13e\" data-element_type=\"column\">\n\t\t\t<div class=\"elementor-widget-wrap\">\n\t\t\t\t\t\t\t\t\t<\/div>\n\t\t<\/div>\n\t\t\t\t\t\t\t<\/div>\n\t\t<\/section>\n\t\t\t\t\t\t\t<\/div>\n\t\t","protected":false},"excerpt":{"rendered":"<p>PUNTO DE ESCUCHA El Laboratorio de Escucha fue creado por investigadores del CITCEM y del ID+, de la Universidad de Oporto y de la Universidad de Aveiro (Portugal), en colaboraci\u00f3n con el proyecto EPITEC2 &#8220;Patrimonios controversiales para la formaci\u00f3n ecosocial de la ciudadan\u00eda&#8221;. Una investigaci\u00f3n de educaci\u00f3n patrimonial en la ense\u00f1anza reglada-EPITEC2&#8243; (PID2020-116662GB-I00) financiado por [&hellip;]<\/p>\n","protected":false},"author":1,"featured_media":0,"parent":0,"menu_order":0,"comment_status":"closed","ping_status":"closed","template":"","meta":[],"_links":{"self":[{"href":"https:\/\/id.letras.up.pt\/labescuta\/index.php?rest_route=\/wp\/v2\/pages\/638"}],"collection":[{"href":"https:\/\/id.letras.up.pt\/labescuta\/index.php?rest_route=\/wp\/v2\/pages"}],"about":[{"href":"https:\/\/id.letras.up.pt\/labescuta\/index.php?rest_route=\/wp\/v2\/types\/page"}],"author":[{"embeddable":true,"href":"https:\/\/id.letras.up.pt\/labescuta\/index.php?rest_route=\/wp\/v2\/users\/1"}],"replies":[{"embeddable":true,"href":"https:\/\/id.letras.up.pt\/labescuta\/index.php?rest_route=%2Fwp%2Fv2%2Fcomments&post=638"}],"version-history":[{"count":14,"href":"https:\/\/id.letras.up.pt\/labescuta\/index.php?rest_route=\/wp\/v2\/pages\/638\/revisions"}],"predecessor-version":[{"id":717,"href":"https:\/\/id.letras.up.pt\/labescuta\/index.php?rest_route=\/wp\/v2\/pages\/638\/revisions\/717"}],"wp:attachment":[{"href":"https:\/\/id.letras.up.pt\/labescuta\/index.php?rest_route=%2Fwp%2Fv2%2Fmedia&parent=638"}],"curies":[{"name":"wp","href":"https:\/\/api.w.org\/{rel}","templated":true}]}}